{"id":9984,"date":"2021-04-09T13:12:53","date_gmt":"2021-04-09T11:12:53","guid":{"rendered":"https:\/\/mediendesign-moser.at\/shop\/?post_type=product&#038;p=9984"},"modified":"2023-01-03T15:56:20","modified_gmt":"2023-01-03T14:56:20","slug":"download-schneide-datei-bastelbogen-fussball-und-fussballschuh-2d","status":"publish","type":"product","link":"https:\/\/mediendesign-moser.at\/shop\/?product=download-schneide-datei-bastelbogen-fussball-und-fussballschuh-2d","title":{"rendered":"Download: Schneide Datei \/ Bastelbogen Fu\u00dfball und Fu\u00dfballschuh (2D)"},"content":{"rendered":"","protected":false},"excerpt":{"rendered":"<p>Schneide Dateien (.svg, .dxf) zum f\u00fcr den Zuschnitt eines Fu\u00dfballes und eines Fu\u00dfballschuhes.<\/p>\n<p>Mit diesem Download k\u00f6nnen die Papierteile f\u00fcr Schuhe und Fu\u00dfball (Fotos) geschnitten werden.<\/p>\n<p>Diese Fu\u00dfballmotive wurden f\u00fcr den Zuschnitt von 2 Gr\u00f6\u00dfen optimal aufbereitet:<br \/>\ngro\u00dfer Schuh ca. 10 cm x 6,5 cm<br \/>\nkleiner Schuh ca. 3 cm x 2 cm<\/p>\n<p>Im Download sind enthalten:<\/p>\n<ul>\n<li>SVG-Dateien f\u00fcr die Verwendung mit folgenden Schneideger\u00e4ten:<br \/>\nCricut, Brother ScanNCut, Silhouette-Ger\u00e4te (Silhouette Studio ab Designer-Edition erforderlich), Pazzles InVue<\/li>\n<li>DXF-Dateien f\u00fcr Silhouette-Ger\u00e4te (Silhouette Studio Basic Edition ist ausreichend)<\/li>\n<li>Bastelbogen zum Ausdrucken f\u00fcr manuellen Zuschnitt.<\/li>\n<\/ul>\n<p>Dieses Projekt wurde mit folgenden Schneideger\u00e4ten getestet:<br \/>\nSilhouette Cameo, Cricut Maker, Brother ScanNCut.<br \/>\nInfos und Anleitungen zur Verwendung mit den jeweiligen Ger\u00e4ten <a href=\"https:\/\/mediendesign-moser.at\/shop\/?page_id=6409\" target=\"_blank\" rel=\"noopener\">finden Sie hier<\/a>.<\/p>\n<p>Beachten Sie unsere \u00a0<a href=\"https:\/\/mediendesign-moser.at\/shop\/?page_id=758\" target=\"_blank\" rel=\"noopener\">Lizenzbedingungen<\/a>\u00a0f\u00fcr downloadbare Produkte.<br \/>\n<a href=\"https:\/\/mediendesign-moser.at\/shop\/wp-content\/uploads\/2021\/04\/WB-DL-SPSP017.jpg\"><img loading=\"lazy\" decoding=\"async\" class=\"size-full wp-image-9989 alignnone\" src=\"https:\/\/mediendesign-moser.at\/shop\/wp-content\/uploads\/2021\/04\/WB-DL-SPSP017.jpg\" alt=\"\" width=\"250\" height=\"354\" srcset=\"https:\/\/mediendesign-moser.at\/shop\/wp-content\/uploads\/2021\/04\/WB-DL-SPSP017.jpg 250w, https:\/\/mediendesign-moser.at\/shop\/wp-content\/uploads\/2021\/04\/WB-DL-SPSP017-212x300.jpg 212w\" sizes=\"auto, (max-width: 250px) 100vw, 250px\" \/><\/a><\/p>\n","protected":false},"featured_media":9995,"comment_status":"open","ping_status":"closed","template":"","meta":{"om_disable_all_campaigns":false,"_monsterinsights_skip_tracking":false,"_monsterinsights_sitenote_active":false,"_monsterinsights_sitenote_note":"","_monsterinsights_sitenote_category":0},"product_cat":[1124,513,804,263],"product_tag":[38,1120,474,1638,1637,1636,518,504,142,162,517],"class_list":{"0":"post-9984","1":"product","2":"type-product","3":"status-publish","4":"has-post-thumbnail","6":"product_cat-bastelboegen","7":"product_cat-schneidplotter-svg-und-pdf","8":"product_cat-sport-schneidplotter-svg-und-pdf","9":"product_cat-downloadprodukte","10":"product_tag-download","11":"product_tag-dxf","12":"product_tag-fussball","13":"product_tag-fussball-spielen","14":"product_tag-fussballer","15":"product_tag-fussballschuh","16":"product_tag-pdf","17":"product_tag-schneidplotter","18":"product_tag-schneidplotter-datei","19":"product_tag-sport","20":"product_tag-svg","22":"first","23":"instock","24":"downloadable","25":"virtual","26":"purchasable","27":"product-type-simple"},"aioseo_notices":[],"jetpack_sharing_enabled":true,"_links":{"self":[{"href":"https:\/\/mediendesign-moser.at\/shop\/index.php?rest_route=\/wp\/v2\/product\/9984","targetHints":{"allow":["GET"]}}],"collection":[{"href":"https:\/\/mediendesign-moser.at\/shop\/index.php?rest_route=\/wp\/v2\/product"}],"about":[{"href":"https:\/\/mediendesign-moser.at\/shop\/index.php?rest_route=\/wp\/v2\/types\/product"}],"replies":[{"embeddable":true,"href":"https:\/\/mediendesign-moser.at\/shop\/index.php?rest_route=%2Fwp%2Fv2%2Fcomments&post=9984"}],"wp:featuredmedia":[{"embeddable":true,"href":"https:\/\/mediendesign-moser.at\/shop\/index.php?rest_route=\/wp\/v2\/media\/9995"}],"wp:attachment":[{"href":"https:\/\/mediendesign-moser.at\/shop\/index.php?rest_route=%2Fwp%2Fv2%2Fmedia&parent=9984"}],"wp:term":[{"taxonomy":"product_cat","embeddable":true,"href":"https:\/\/mediendesign-moser.at\/shop\/index.php?rest_route=%2Fwp%2Fv2%2Fproduct_cat&post=9984"},{"taxonomy":"product_tag","embeddable":true,"href":"https:\/\/mediendesign-moser.at\/shop\/index.php?rest_route=%2Fwp%2Fv2%2Fproduct_tag&post=9984"}],"curies":[{"name":"wp","href":"https:\/\/api.w.org\/{rel}","templated":true}]}}