{"id":9542,"date":"2021-03-10T13:36:34","date_gmt":"2021-03-10T12:36:34","guid":{"rendered":"https:\/\/mediendesign-moser.at\/shop\/?post_type=product&#038;p=9542"},"modified":"2023-01-03T15:53:44","modified_gmt":"2023-01-03T14:53:44","slug":"download-schneide-datei-bastelbogen-fuer-strandmotiv","status":"publish","type":"product","link":"https:\/\/mediendesign-moser.at\/shop\/?product=download-schneide-datei-bastelbogen-fuer-strandmotiv","title":{"rendered":"Download: Schneide Datei \/ Bastelbogen f\u00fcr Strandmotiv"},"content":{"rendered":"","protected":false},"excerpt":{"rendered":"<p>Schneide Dateien (.svg, .dxf) f\u00fcr den Zuschnitt eines Strandmotives mit H\u00e4userreihe (2D), Sonnenschirmen, Korb, Badeschlappen.<\/p>\n<p>Mit diesem Download k\u00f6nnen die Papierteile f\u00fcr die Strandmotive (Fotos) geschnitten werden.<\/p>\n<p>Das fertig hergestellte Strandmotiv passt ideal auf eine Seitenwand einer Explosionsbox. Und zwar sowohl f\u00fcr die Standardgr\u00f6\u00dfe 4x4x4&#8243; (=W\u00fcrfelform mit Seitenkantenl\u00e4nge von ca. 10,2 cm) als auch f\u00fcr Explosionsboxen in doppelter Breite 4x4x8&#8243; (ca. 10,2 x 10,2 x 20,4 cm)<\/p>\n<p>Im Download sind enthalten:<\/p>\n<ul>\n<li>SVG-Dateien f\u00fcr die Verwendung mit folgenden Schneideger\u00e4ten:<br \/>\nCricut, Brother ScanNCut, oder Silhouette-Ger\u00e4te (Silhouette Studio ab Designer-Edition erforderlich)<\/li>\n<li>DXF-Dateien f\u00fcr Silhouette-Ger\u00e4te (Silhouette Studio Basic Edition ist ausreichend)<\/li>\n<li>Bastelbogen zum Ausdrucken f\u00fcr manuellen Zuschnitt.<\/li>\n<\/ul>\n<p>Dieses Projekt wurde mit folgenden Schneideger\u00e4ten getestet:<br \/>\nSilhouette Cameo, Cricut Maker, Brother ScanNCut.<br \/>\nInfos und Anleitungen zur Verwendung mit den jeweiligen Ger\u00e4ten <a href=\"https:\/\/mediendesign-moser.at\/shop\/?page_id=6409\" target=\"_blank\" rel=\"noopener\">finden Sie hier<\/a>.<\/p>\n<p>Beachten Sie unsere \u00a0<a href=\"https:\/\/mediendesign-moser.at\/shop\/?page_id=758\" target=\"_blank\" rel=\"noopener\">Lizenzbedingungen<\/a>\u00a0f\u00fcr downloadbare Produkte.<\/p>\n<p><a href=\"https:\/\/mediendesign-moser.at\/shop\/wp-content\/uploads\/2021\/03\/DL-SPU020-beach-template-comp.jpg\"><img loading=\"lazy\" decoding=\"async\" class=\"alignnone size-full wp-image-9539\" src=\"https:\/\/mediendesign-moser.at\/shop\/wp-content\/uploads\/2021\/03\/DL-SPU020-beach-template-comp.jpg\" alt=\"\" width=\"620\" height=\"3037\" srcset=\"https:\/\/mediendesign-moser.at\/shop\/wp-content\/uploads\/2021\/03\/DL-SPU020-beach-template-comp.jpg 620w, https:\/\/mediendesign-moser.at\/shop\/wp-content\/uploads\/2021\/03\/DL-SPU020-beach-template-comp-61x300.jpg 61w, https:\/\/mediendesign-moser.at\/shop\/wp-content\/uploads\/2021\/03\/DL-SPU020-beach-template-comp-209x1024.jpg 209w, https:\/\/mediendesign-moser.at\/shop\/wp-content\/uploads\/2021\/03\/DL-SPU020-beach-template-comp-600x2939.jpg 600w\" sizes=\"auto, (max-width: 620px) 100vw, 620px\" \/><\/a><\/p>\n","protected":false},"featured_media":9543,"comment_status":"open","ping_status":"closed","template":"","meta":{"om_disable_all_campaigns":false,"_monsterinsights_skip_tracking":false,"_monsterinsights_sitenote_active":false,"_monsterinsights_sitenote_note":"","_monsterinsights_sitenote_category":0},"product_cat":[1124,513,851,263],"product_tag":[1587,1584,1586,38,1120,465,480,518,99,504,142,1589,1588,1585,106,1583,517,412],"class_list":{"0":"post-9542","1":"product","2":"type-product","3":"status-publish","4":"has-post-thumbnail","6":"product_cat-bastelboegen","7":"product_cat-schneidplotter-svg-und-pdf","8":"product_cat-urlaub","9":"product_cat-downloadprodukte","10":"product_tag-baden","11":"product_tag-beach","12":"product_tag-beach-umbrella","13":"product_tag-download","14":"product_tag-dxf","15":"product_tag-korb","16":"product_tag-meer","17":"product_tag-pdf","18":"product_tag-reise","19":"product_tag-schneidplotter","20":"product_tag-schneidplotter-datei","21":"product_tag-sonne","22":"product_tag-sonnen","23":"product_tag-sonnenschirm","24":"product_tag-strand","25":"product_tag-strandmotiv","26":"product_tag-svg","27":"product_tag-urlaub","29":"first","30":"instock","31":"downloadable","32":"virtual","33":"purchasable","34":"product-type-simple"},"aioseo_notices":[],"jetpack_sharing_enabled":true,"_links":{"self":[{"href":"https:\/\/mediendesign-moser.at\/shop\/index.php?rest_route=\/wp\/v2\/product\/9542","targetHints":{"allow":["GET"]}}],"collection":[{"href":"https:\/\/mediendesign-moser.at\/shop\/index.php?rest_route=\/wp\/v2\/product"}],"about":[{"href":"https:\/\/mediendesign-moser.at\/shop\/index.php?rest_route=\/wp\/v2\/types\/product"}],"replies":[{"embeddable":true,"href":"https:\/\/mediendesign-moser.at\/shop\/index.php?rest_route=%2Fwp%2Fv2%2Fcomments&post=9542"}],"wp:featuredmedia":[{"embeddable":true,"href":"https:\/\/mediendesign-moser.at\/shop\/index.php?rest_route=\/wp\/v2\/media\/9543"}],"wp:attachment":[{"href":"https:\/\/mediendesign-moser.at\/shop\/index.php?rest_route=%2Fwp%2Fv2%2Fmedia&parent=9542"}],"wp:term":[{"taxonomy":"product_cat","embeddable":true,"href":"https:\/\/mediendesign-moser.at\/shop\/index.php?rest_route=%2Fwp%2Fv2%2Fproduct_cat&post=9542"},{"taxonomy":"product_tag","embeddable":true,"href":"https:\/\/mediendesign-moser.at\/shop\/index.php?rest_route=%2Fwp%2Fv2%2Fproduct_tag&post=9542"}],"curies":[{"name":"wp","href":"https:\/\/api.w.org\/{rel}","templated":true}]}}