{"id":841,"date":"2017-08-23T18:30:37","date_gmt":"2017-08-23T16:30:37","guid":{"rendered":"http:\/\/mediendesign-moser.at\/shop\/?post_type=product&#038;p=841"},"modified":"2023-11-15T14:29:47","modified_gmt":"2023-11-15T13:29:47","slug":"download-landkartenumriss-oesterreich","status":"publish","type":"product","link":"https:\/\/mediendesign-moser.at\/shop\/?product=download-landkartenumriss-oesterreich","title":{"rendered":"Download: Schneide Datei \u00d6sterreich Landkartenumriss und Flaggen (als Plaketten)"},"content":{"rendered":"","protected":false},"excerpt":{"rendered":"<p>Schneide Dateien Set mit f\u00fcr den Zuschnitt eines \u00d6sterreich Landkartenumrisses.<br \/>\nDas Dateien Set enth\u00e4lt au\u00dferdem \u00d6sterreich Flaggen (ideal verwendbar als Plaketten).<\/p>\n<p>Diese Motive eignen sich z. B. perfekt f\u00fcr die Verzierung von Reise Explosionsboxen mit Bezug auf \u00d6sterreich<\/p>\n<p>Im Download sind enthalten:<\/p>\n<ul>\n<li>SVG-Dateien f\u00fcr die Verwendung mit folgenden Schneideger\u00e4ten:<br \/>\nCricut, Brother ScanNCut, oder Silhouette-Ger\u00e4te<\/li>\n<li>DXF-Dateien<\/li>\n<li>Bastelbogen zum Ausdrucken f\u00fcr manuellen Zuschnitt.<\/li>\n<\/ul>\n<p>Dieses Projekt wurde mit folgenden Schneideger\u00e4ten getestet:<br \/>\nSilhouette Cameo, Cricut Maker, Brother ScanNCut.<br \/>\nInfos und Anleitungen zur Verwendung mit den jeweiligen Ger\u00e4ten <a href=\"https:\/\/mediendesign-moser.at\/shop\/?page_id=6409\" target=\"_blank\" rel=\"noopener\">finden Sie hier<\/a>.<\/p>\n<p>Beachten Sie unsere \u00a0<a href=\"https:\/\/mediendesign-moser.at\/shop\/?page_id=758\" target=\"_blank\" rel=\"noopener\">Lizenzbedingungen<\/a>\u00a0f\u00fcr downloadbare Produkte.<\/p>\n","protected":false},"featured_media":18915,"comment_status":"closed","ping_status":"closed","template":"","meta":{"om_disable_all_campaigns":false,"_monsterinsights_skip_tracking":false,"_monsterinsights_sitenote_active":false,"_monsterinsights_sitenote_note":"","_monsterinsights_sitenote_category":0},"product_cat":[1124,513,1146,874,851,263],"product_tag":[297,1815,1055,38,2140,2139,298,299,296,156,1870,99,300,143],"class_list":{"0":"post-841","1":"product","2":"type-product","3":"status-publish","4":"has-post-thumbnail","6":"product_cat-bastelboegen","7":"product_cat-schneidplotter-svg-und-pdf","8":"product_cat-etiketten-und-verzierungen","9":"product_cat-symbole","10":"product_cat-urlaub","11":"product_cat-downloadprodukte","12":"product_tag-austria","13":"product_tag-brother-scanncut","14":"product_tag-cricut","15":"product_tag-download","16":"product_tag-fahne","17":"product_tag-flagge","18":"product_tag-karte","19":"product_tag-landkarte","20":"product_tag-oesterreich","21":"product_tag-papier","22":"product_tag-plotterdatei","23":"product_tag-reise","24":"product_tag-rot-weiss-rot","25":"product_tag-silhouette","27":"first","28":"instock","29":"downloadable","30":"virtual","31":"purchasable","32":"product-type-simple"},"aioseo_notices":[],"jetpack_sharing_enabled":true,"_links":{"self":[{"href":"https:\/\/mediendesign-moser.at\/shop\/index.php?rest_route=\/wp\/v2\/product\/841","targetHints":{"allow":["GET"]}}],"collection":[{"href":"https:\/\/mediendesign-moser.at\/shop\/index.php?rest_route=\/wp\/v2\/product"}],"about":[{"href":"https:\/\/mediendesign-moser.at\/shop\/index.php?rest_route=\/wp\/v2\/types\/product"}],"replies":[{"embeddable":true,"href":"https:\/\/mediendesign-moser.at\/shop\/index.php?rest_route=%2Fwp%2Fv2%2Fcomments&post=841"}],"wp:featuredmedia":[{"embeddable":true,"href":"https:\/\/mediendesign-moser.at\/shop\/index.php?rest_route=\/wp\/v2\/media\/18915"}],"wp:attachment":[{"href":"https:\/\/mediendesign-moser.at\/shop\/index.php?rest_route=%2Fwp%2Fv2%2Fmedia&parent=841"}],"wp:term":[{"taxonomy":"product_cat","embeddable":true,"href":"https:\/\/mediendesign-moser.at\/shop\/index.php?rest_route=%2Fwp%2Fv2%2Fproduct_cat&post=841"},{"taxonomy":"product_tag","embeddable":true,"href":"https:\/\/mediendesign-moser.at\/shop\/index.php?rest_route=%2Fwp%2Fv2%2Fproduct_tag&post=841"}],"curies":[{"name":"wp","href":"https:\/\/api.w.org\/{rel}","templated":true}]}}