{"id":7727,"date":"2020-10-12T09:41:20","date_gmt":"2020-10-12T07:41:20","guid":{"rendered":"https:\/\/mediendesign-moser.at\/shop\/?post_type=product&#038;p=7727"},"modified":"2023-01-03T15:50:45","modified_gmt":"2023-01-03T14:50:45","slug":"download-schneide-datei-engel-anhaenger","status":"publish","type":"product","link":"https:\/\/mediendesign-moser.at\/shop\/?product=download-schneide-datei-engel-anhaenger","title":{"rendered":"Download: Schneide Datei Engel Anh\u00e4nger"},"content":{"rendered":"","protected":false},"excerpt":{"rendered":"<p><img loading=\"lazy\" decoding=\"async\" class=\"alignnone wp-image-7729 size-full\" src=\"https:\/\/mediendesign-moser.at\/shop\/wp-content\/uploads\/2020\/10\/blogbild-angel-label.jpg\" alt=\"\" width=\"900\" height=\"400\" srcset=\"https:\/\/mediendesign-moser.at\/shop\/wp-content\/uploads\/2020\/10\/blogbild-angel-label.jpg 900w, https:\/\/mediendesign-moser.at\/shop\/wp-content\/uploads\/2020\/10\/blogbild-angel-label-300x133.jpg 300w, https:\/\/mediendesign-moser.at\/shop\/wp-content\/uploads\/2020\/10\/blogbild-angel-label-768x341.jpg 768w, https:\/\/mediendesign-moser.at\/shop\/wp-content\/uploads\/2020\/10\/blogbild-angel-label-600x267.jpg 600w\" sizes=\"auto, (max-width: 900px) 100vw, 900px\" \/>Schneidedateien \/ Bastelbogen f\u00fcr den Zuschnitt eines Engel Anh\u00e4ngers.<\/p>\n<p>Im Download sind enthalten:<\/p>\n<ul>\n<li>SVG-Dateien f\u00fcr die Verwendung mit folgenden Schneideger\u00e4ten:<br \/>\nCricut, Brother ScanNCut, oder Silhouette-Ger\u00e4te (Silhouette Studio ab Designer-Edition erforderlich)<\/li>\n<li>DXF-Dateien f\u00fcr Silhouette-Ger\u00e4te (Silhouette Studio Basic Edition ist ausreichend)<\/li>\n<li>Bastelbogen f\u00fcr manuellen Zuschnitt &#8211; Bastelbogen farbig gef\u00fcllt zum Ausdrucken auf wei\u00dfem Papier.<\/li>\n<\/ul>\n<p>Der Lieferumfang umfasst Dateien zur Herstellung von nur einem Anh\u00e4nger, als Dateien zur Mehrfach Herstellung (4-St\u00fcck-Datei f\u00fcr Schneidplotter, 3-St\u00fcck-Bastelbogen-PDF zum Ausdrucken)<\/p>\n<p>Dieses Projekt wurde mit folgenden Schneideger\u00e4ten getestet:<br \/>\nSilhouette Cameo, Cricut Maker, Brother ScanNCut.<br \/>\nInfos und Anleitungen zur Verwendung mit den jeweiligen Ger\u00e4ten <a href=\"https:\/\/mediendesign-moser.at\/shop\/?page_id=6409\" target=\"_blank\" rel=\"noopener\">finden Sie hier<\/a>.<\/p>\n<p>Es gelten unsere\u00a0<a href=\"https:\/\/mediendesign-moser.at\/shop\/?page_id=758\" target=\"_blank\" rel=\"noopener\">Lizenzbedingungen<\/a>\u00a0f\u00fcr downloadbare Produkte.<\/p>\n<p><a href=\"https:\/\/mediendesign-moser.at\/shop\/wp-content\/uploads\/2020\/10\/photocompilation-angellabel.jpg\"><img loading=\"lazy\" decoding=\"async\" class=\"alignnone size-full wp-image-7726\" src=\"https:\/\/mediendesign-moser.at\/shop\/wp-content\/uploads\/2020\/10\/photocompilation-angellabel.jpg\" alt=\"\" width=\"620\" height=\"1841\" srcset=\"https:\/\/mediendesign-moser.at\/shop\/wp-content\/uploads\/2020\/10\/photocompilation-angellabel.jpg 620w, https:\/\/mediendesign-moser.at\/shop\/wp-content\/uploads\/2020\/10\/photocompilation-angellabel-101x300.jpg 101w, https:\/\/mediendesign-moser.at\/shop\/wp-content\/uploads\/2020\/10\/photocompilation-angellabel-345x1024.jpg 345w, https:\/\/mediendesign-moser.at\/shop\/wp-content\/uploads\/2020\/10\/photocompilation-angellabel-600x1782.jpg 600w\" sizes=\"auto, (max-width: 620px) 100vw, 620px\" \/><\/a><\/p>\n","protected":false},"featured_media":7725,"comment_status":"closed","ping_status":"closed","template":"","meta":{"om_disable_all_campaigns":false,"_monsterinsights_skip_tracking":false,"_monsterinsights_sitenote_active":false,"_monsterinsights_sitenote_note":"","_monsterinsights_sitenote_category":0},"product_cat":[1124,513,789,263],"product_tag":[1265,773,1129,1231,542,1268,1233,1055,38,1120,1267,1266,1149,518,541,504,142,129,1230,1232],"class_list":{"0":"post-7727","1":"product","2":"type-product","3":"status-publish","4":"has-post-thumbnail","6":"product_cat-bastelboegen","7":"product_cat-schneidplotter-svg-und-pdf","8":"product_cat-weihnachten-schneidplotter-svg-und-pdf","9":"product_cat-downloadprodukte","10":"product_tag-angel-label","11":"product_tag-anhaenger","12":"product_tag-bastelbogen","13":"product_tag-baumschmuck","14":"product_tag-brother","15":"product_tag-christkind","16":"product_tag-christmas-label","17":"product_tag-cricut","18":"product_tag-download","19":"product_tag-dxf","20":"product_tag-engel","21":"product_tag-engelanhaenger","22":"product_tag-paper-craft-sheet","23":"product_tag-pdf","24":"product_tag-scanncut","25":"product_tag-schneidplotter","26":"product_tag-schneidplotter-datei","27":"product_tag-weihnachten","28":"product_tag-weihnachtsanhaenger","29":"product_tag-weihnachtsdekoration","31":"first","32":"instock","33":"downloadable","34":"virtual","35":"purchasable","36":"product-type-simple"},"aioseo_notices":[],"jetpack_sharing_enabled":true,"_links":{"self":[{"href":"https:\/\/mediendesign-moser.at\/shop\/index.php?rest_route=\/wp\/v2\/product\/7727","targetHints":{"allow":["GET"]}}],"collection":[{"href":"https:\/\/mediendesign-moser.at\/shop\/index.php?rest_route=\/wp\/v2\/product"}],"about":[{"href":"https:\/\/mediendesign-moser.at\/shop\/index.php?rest_route=\/wp\/v2\/types\/product"}],"replies":[{"embeddable":true,"href":"https:\/\/mediendesign-moser.at\/shop\/index.php?rest_route=%2Fwp%2Fv2%2Fcomments&post=7727"}],"wp:featuredmedia":[{"embeddable":true,"href":"https:\/\/mediendesign-moser.at\/shop\/index.php?rest_route=\/wp\/v2\/media\/7725"}],"wp:attachment":[{"href":"https:\/\/mediendesign-moser.at\/shop\/index.php?rest_route=%2Fwp%2Fv2%2Fmedia&parent=7727"}],"wp:term":[{"taxonomy":"product_cat","embeddable":true,"href":"https:\/\/mediendesign-moser.at\/shop\/index.php?rest_route=%2Fwp%2Fv2%2Fproduct_cat&post=7727"},{"taxonomy":"product_tag","embeddable":true,"href":"https:\/\/mediendesign-moser.at\/shop\/index.php?rest_route=%2Fwp%2Fv2%2Fproduct_tag&post=7727"}],"curies":[{"name":"wp","href":"https:\/\/api.w.org\/{rel}","templated":true}]}}