{"id":7084,"date":"2020-08-31T19:16:20","date_gmt":"2020-08-31T17:16:20","guid":{"rendered":"https:\/\/mediendesign-moser.at\/shop\/?post_type=product&#038;p=7084"},"modified":"2023-01-03T15:49:10","modified_gmt":"2023-01-03T14:49:10","slug":"download-schneide-datei-tischkaertchen-mit-taube-und-kelch","status":"publish","type":"product","link":"https:\/\/mediendesign-moser.at\/shop\/?product=download-schneide-datei-tischkaertchen-mit-taube-und-kelch","title":{"rendered":"Download: Schneide Datei Tischk\u00e4rtchen mit Taube und Kelch"},"content":{"rendered":"","protected":false},"excerpt":{"rendered":"<p>Schneidedateien f\u00fcr den Zuschnitt von Tischk\u00e4rtchen mit Taube und Kelch. Diese Tischk\u00e4rtchen passen z.B. f\u00fcr eine Firmung<br \/>\nMit diesen Dateien k\u00f6nnen die Papier-Einzelteile f\u00fcr diese Tischkarten zugeschnitten werden.<\/p>\n<p>Im Download sind enthalten:<\/p>\n<ul>\n<li>SVG-Dateien f\u00fcr die Verwendung mit folgenden Schneideger\u00e4ten:<br \/>\nCricut, Brother ScanNCut, oder Silhouette-Ger\u00e4te (Silhouette Studio ab Designer-Edition erforderlich)<\/li>\n<li>DXF-Dateien f\u00fcr Silhouette-Ger\u00e4te (Silhouette Studio Basic Edition ist ausreichend)<\/li>\n<li>PDF Datei<\/li>\n<\/ul>\n<p>Dieses Projekt wurde mit folgenden Schneideger\u00e4ten getestet:<br \/>\nSilhouette Cameo, Cricut Maker, Brother ScanNCut.<br \/>\nInfos und Anleitungen zur Verwendung mit den jeweiligen Ger\u00e4ten <a href=\"https:\/\/mediendesign-moser.at\/shop\/?page_id=6409\" target=\"_blank\" rel=\"noopener\">finden Sie hier<\/a>.<\/p>\n<p>Es gelten unsere\u00a0<a href=\"https:\/\/mediendesign-moser.at\/shop\/?page_id=758\" target=\"_blank\" rel=\"noopener\">Lizenzbedingungen<\/a>\u00a0f\u00fcr downloadbare Produkte.<a href=\"https:\/\/mediendesign-moser.at\/shop\/wp-content\/uploads\/2020\/08\/photocomp-placecards-with-dove-and-chalice.jpg\"><img loading=\"lazy\" decoding=\"async\" class=\"alignnone size-full wp-image-7083\" src=\"https:\/\/mediendesign-moser.at\/shop\/wp-content\/uploads\/2020\/08\/photocomp-placecards-with-dove-and-chalice.jpg\" alt=\"\" width=\"620\" height=\"1865\" srcset=\"https:\/\/mediendesign-moser.at\/shop\/wp-content\/uploads\/2020\/08\/photocomp-placecards-with-dove-and-chalice.jpg 620w, https:\/\/mediendesign-moser.at\/shop\/wp-content\/uploads\/2020\/08\/photocomp-placecards-with-dove-and-chalice-100x300.jpg 100w, https:\/\/mediendesign-moser.at\/shop\/wp-content\/uploads\/2020\/08\/photocomp-placecards-with-dove-and-chalice-340x1024.jpg 340w, https:\/\/mediendesign-moser.at\/shop\/wp-content\/uploads\/2020\/08\/photocomp-placecards-with-dove-and-chalice-600x1805.jpg 600w\" sizes=\"auto, (max-width: 620px) 100vw, 620px\" \/><\/a><\/p>\n","protected":false},"featured_media":7081,"comment_status":"closed","ping_status":"closed","template":"","meta":{"om_disable_all_campaigns":false,"_monsterinsights_skip_tracking":false,"_monsterinsights_sitenote_active":false,"_monsterinsights_sitenote_note":"","_monsterinsights_sitenote_category":0},"product_cat":[513,816,263],"product_tag":[1194,38,1120,1191,1196,1195,1193,1200,504,142,517,1192,42,1197,1199,1198],"class_list":{"0":"post-7084","1":"product","2":"type-product","3":"status-publish","4":"has-post-thumbnail","6":"product_cat-schneidplotter-svg-und-pdf","7":"product_cat-karten-schneidplotter-svg-und-pdf","8":"product_cat-downloadprodukte","9":"product_tag-christlich","10":"product_tag-download","11":"product_tag-dxf","12":"product_tag-firmung","13":"product_tag-hostie","14":"product_tag-katholisch","15":"product_tag-kelch","16":"product_tag-platzkarten","17":"product_tag-schneidplotter","18":"product_tag-schneidplotter-datei","19":"product_tag-svg","20":"product_tag-taube","21":"product_tag-taufe","22":"product_tag-tischdekoration","23":"product_tag-tischkaertchen","24":"product_tag-tischkarten","26":"first","27":"instock","28":"downloadable","29":"virtual","30":"purchasable","31":"product-type-simple"},"aioseo_notices":[],"jetpack_sharing_enabled":true,"_links":{"self":[{"href":"https:\/\/mediendesign-moser.at\/shop\/index.php?rest_route=\/wp\/v2\/product\/7084","targetHints":{"allow":["GET"]}}],"collection":[{"href":"https:\/\/mediendesign-moser.at\/shop\/index.php?rest_route=\/wp\/v2\/product"}],"about":[{"href":"https:\/\/mediendesign-moser.at\/shop\/index.php?rest_route=\/wp\/v2\/types\/product"}],"replies":[{"embeddable":true,"href":"https:\/\/mediendesign-moser.at\/shop\/index.php?rest_route=%2Fwp%2Fv2%2Fcomments&post=7084"}],"wp:featuredmedia":[{"embeddable":true,"href":"https:\/\/mediendesign-moser.at\/shop\/index.php?rest_route=\/wp\/v2\/media\/7081"}],"wp:attachment":[{"href":"https:\/\/mediendesign-moser.at\/shop\/index.php?rest_route=%2Fwp%2Fv2%2Fmedia&parent=7084"}],"wp:term":[{"taxonomy":"product_cat","embeddable":true,"href":"https:\/\/mediendesign-moser.at\/shop\/index.php?rest_route=%2Fwp%2Fv2%2Fproduct_cat&post=7084"},{"taxonomy":"product_tag","embeddable":true,"href":"https:\/\/mediendesign-moser.at\/shop\/index.php?rest_route=%2Fwp%2Fv2%2Fproduct_tag&post=7084"}],"curies":[{"name":"wp","href":"https:\/\/api.w.org\/{rel}","templated":true}]}}