{"id":6254,"date":"2020-06-15T16:00:58","date_gmt":"2020-06-15T14:00:58","guid":{"rendered":"https:\/\/mediendesign-moser.at\/shop\/?post_type=product&#038;p=6254"},"modified":"2023-01-03T15:47:39","modified_gmt":"2023-01-03T14:47:39","slug":"download-schneide-datei-fuer-mikroskop","status":"publish","type":"product","link":"https:\/\/mediendesign-moser.at\/shop\/?product=download-schneide-datei-fuer-mikroskop","title":{"rendered":"Download: Schneide Datei f\u00fcr Mikroskop"},"content":{"rendered":"","protected":false},"excerpt":{"rendered":"<p>Schneide Datei (.svg, .dxf) f\u00fcr den Zuschnitt eines Mikroskops.<br \/>\nMit dieser Datei k\u00f6nnen die Papierteile f\u00fcr das Mikroskop (Fotos) geschnitten werden.<br \/>\nF\u00fcr den Zuschnitt ben\u00f6tigen Sie einen Schneidplotter (z.B. Schneidemaschine von Silhouette, Brother, Cricut, oder andere Marke. Voraussetzung ist, dass Ihr Ger\u00e4t \u00a0.svg- oder .dxf-Dateien verarbeiten kann).<br \/>\nEin ausdruckbares .pdf ist ebenfalls in diesem Download enthalten.<br \/>\nGrammatur f\u00fcr das bei der Herstellung verwendete Papier (Empfehlung):<br \/>\nVerwenden Sie f\u00fcr die grau bzw. wei\u00dfen Teile Tonkarton in einer St\u00e4rke von ca. 220 &#8211; 300 g\/m2.<br \/>\nF\u00fcr die schwarzen Teile ist d\u00fcnneres Tonpapier mit ca. 130 g\/m2 empfehlenswert.<br \/>\nBeachten Sie unsere \u00a0<a href=\"https:\/\/mediendesign-moser.at\/shop\/?page_id=758\" target=\"_blank\" rel=\"noopener\">Lizenzbedingungen<\/a>\u00a0f\u00fcr downloadbare Produkte.<a href=\"https:\/\/mediendesign-moser.at\/shop\/wp-content\/uploads\/2020\/06\/photocompilation-microscope.jpg\"><img loading=\"lazy\" decoding=\"async\" class=\"alignnone wp-image-6255 size-full\" src=\"https:\/\/mediendesign-moser.at\/shop\/wp-content\/uploads\/2020\/06\/photocompilation-microscope.jpg\" alt=\"\" width=\"620\" height=\"3575\" srcset=\"https:\/\/mediendesign-moser.at\/shop\/wp-content\/uploads\/2020\/06\/photocompilation-microscope.jpg 620w, https:\/\/mediendesign-moser.at\/shop\/wp-content\/uploads\/2020\/06\/photocompilation-microscope-52x300.jpg 52w, https:\/\/mediendesign-moser.at\/shop\/wp-content\/uploads\/2020\/06\/photocompilation-microscope-600x3460.jpg 600w\" sizes=\"auto, (max-width: 620px) 100vw, 620px\" \/><\/a><\/p>\n","protected":false},"featured_media":6253,"comment_status":"closed","ping_status":"closed","template":"","meta":{"om_disable_all_campaigns":false,"_monsterinsights_skip_tracking":false,"_monsterinsights_sitenote_active":false,"_monsterinsights_sitenote_note":"","_monsterinsights_sitenote_category":0},"product_cat":[513,861,962,263],"product_tag":[38,1123,1122,1121,501,503,518,504,142,1053,517],"class_list":{"0":"post-6254","1":"product","2":"type-product","3":"status-publish","4":"has-post-thumbnail","6":"product_cat-schneidplotter-svg-und-pdf","7":"product_cat-hobby-und-beruf","8":"product_cat-schule-und-bildung","9":"product_cat-downloadprodukte","10":"product_tag-download","11":"product_tag-labor","12":"product_tag-microscope","13":"product_tag-mikroscop","14":"product_tag-modell","15":"product_tag-papiermodell","16":"product_tag-pdf","17":"product_tag-schneidplotter","18":"product_tag-schneidplotter-datei","19":"product_tag-studium","20":"product_tag-svg","22":"first","23":"instock","24":"downloadable","25":"virtual","26":"purchasable","27":"product-type-simple"},"aioseo_notices":[],"jetpack_sharing_enabled":true,"_links":{"self":[{"href":"https:\/\/mediendesign-moser.at\/shop\/index.php?rest_route=\/wp\/v2\/product\/6254","targetHints":{"allow":["GET"]}}],"collection":[{"href":"https:\/\/mediendesign-moser.at\/shop\/index.php?rest_route=\/wp\/v2\/product"}],"about":[{"href":"https:\/\/mediendesign-moser.at\/shop\/index.php?rest_route=\/wp\/v2\/types\/product"}],"replies":[{"embeddable":true,"href":"https:\/\/mediendesign-moser.at\/shop\/index.php?rest_route=%2Fwp%2Fv2%2Fcomments&post=6254"}],"wp:featuredmedia":[{"embeddable":true,"href":"https:\/\/mediendesign-moser.at\/shop\/index.php?rest_route=\/wp\/v2\/media\/6253"}],"wp:attachment":[{"href":"https:\/\/mediendesign-moser.at\/shop\/index.php?rest_route=%2Fwp%2Fv2%2Fmedia&parent=6254"}],"wp:term":[{"taxonomy":"product_cat","embeddable":true,"href":"https:\/\/mediendesign-moser.at\/shop\/index.php?rest_route=%2Fwp%2Fv2%2Fproduct_cat&post=6254"},{"taxonomy":"product_tag","embeddable":true,"href":"https:\/\/mediendesign-moser.at\/shop\/index.php?rest_route=%2Fwp%2Fv2%2Fproduct_tag&post=6254"}],"curies":[{"name":"wp","href":"https:\/\/api.w.org\/{rel}","templated":true}]}}