{"id":5866,"date":"2020-05-19T15:00:20","date_gmt":"2020-05-19T13:00:20","guid":{"rendered":"https:\/\/mediendesign-moser.at\/shop\/?post_type=product&#038;p=5866"},"modified":"2020-07-15T20:25:33","modified_gmt":"2020-07-15T18:25:33","slug":"download-schneide-datei-fuer-lastwagen-flotte","status":"publish","type":"product","link":"https:\/\/mediendesign-moser.at\/shop\/?product=download-schneide-datei-fuer-lastwagen-flotte","title":{"rendered":"Download: Schneide Datei f\u00fcr Lastwagen Flotte"},"content":{"rendered":"","protected":false},"excerpt":{"rendered":"<p>Schneide Datei f\u00fcr den Zuschnitt einer Lastwagen Flotte. Folgende Fahrzeuge sind enthalten: Lastwagen (Kipper), Lieferwagen, Mischwagen, Tankwagen, Kranwagen.<br \/>\nMit dieser Datei k\u00f6nnen die Papierteile f\u00fcr die einzelnen Fahrzeuge geschnitten werden.<\/p>\n<p>Im Download sind enthalten:<\/p>\n<ul>\n<li>SVG-Dateien f\u00fcr die Verwendung mit folgenden Schneideger\u00e4ten:<br \/>\nCricut, Brother ScanNCut, oder Silhouette-Ger\u00e4te (Silhouette Studio ab Designer-Edition)<\/li>\n<li>DXF-Dateien f\u00fcr Silhouette-Ger\u00e4te (Silhouette Studio ab Basic Edition)<\/li>\n<li>PDF-Bastelbogen f\u00fcr manuellen Zuschnitt &#8211; Bastelb\u00f6gen leer (ungef\u00e4rbt), Bastelb\u00f6gen eingef\u00e4rbt (wei\u00dfes Papier 200g\/m2 empfohlen)<\/li>\n<\/ul>\n<p>Dieses Projekt wurde mit folgenden Schneideger\u00e4ten getestet:<br \/>\nSilhouette Cameo, Cricut Maker, Brother ScanNCut.<br \/>\nInfos und Anleitungen zur Verwendung mit den jeweiligen Ger\u00e4ten <a href=\"https:\/\/mediendesign-moser.at\/shop\/?page_id=6409\" target=\"_blank\" rel=\"noopener\">finden Sie hier<\/a>.<\/p>\n<p>Beachten Sie unsere \u00a0<a href=\"https:\/\/mediendesign-moser.at\/shop\/?page_id=758\" target=\"_blank\" rel=\"noopener\">Lizenzbedingungen<\/a>\u00a0f\u00fcr downloadbare Produkte.<a href=\"https:\/\/mediendesign-moser.at\/shop\/wp-content\/uploads\/2020\/05\/photocompilation-basic-truck.jpg\"><img loading=\"lazy\" decoding=\"async\" class=\"alignnone size-full wp-image-5858\" src=\"https:\/\/mediendesign-moser.at\/shop\/wp-content\/uploads\/2020\/05\/photocompilation-basic-truck.jpg\" alt=\"\" width=\"620\" height=\"3633\" srcset=\"https:\/\/mediendesign-moser.at\/shop\/wp-content\/uploads\/2020\/05\/photocompilation-basic-truck.jpg 620w, https:\/\/mediendesign-moser.at\/shop\/wp-content\/uploads\/2020\/05\/photocompilation-basic-truck-51x300.jpg 51w, https:\/\/mediendesign-moser.at\/shop\/wp-content\/uploads\/2020\/05\/photocompilation-basic-truck-175x1024.jpg 175w, https:\/\/mediendesign-moser.at\/shop\/wp-content\/uploads\/2020\/05\/photocompilation-basic-truck-600x3516.jpg 600w\" sizes=\"auto, (max-width: 620px) 100vw, 620px\" \/><\/a><\/p>\n","protected":false},"featured_media":5882,"comment_status":"closed","ping_status":"closed","template":"","meta":{"om_disable_all_campaigns":false,"_monsterinsights_skip_tracking":false,"_monsterinsights_sitenote_active":false,"_monsterinsights_sitenote_note":"","_monsterinsights_sitenote_category":0},"product_cat":[1124,513,795,861,263],"product_tag":[1096,38,219,540,1097,1090,1093,1089,1100,1098,1091,1092,501,1094,503,518,504,142,517,1099,1095],"class_list":{"0":"post-5866","1":"product","2":"type-product","3":"status-publish","4":"has-post-thumbnail","6":"product_cat-bastelboegen","7":"product_cat-schneidplotter-svg-und-pdf","8":"product_cat-fahrzeuge-schneidplotter-svg-und-pdf","9":"product_cat-hobby-und-beruf","10":"product_cat-downloadprodukte","11":"product_tag-crane-truck","12":"product_tag-download","13":"product_tag-fahrzeug","14":"product_tag-fahrzeuge","15":"product_tag-kranwagen","16":"product_tag-lastwagen","17":"product_tag-lieferwagen","18":"product_tag-lkw","19":"product_tag-lkw-flotte","20":"product_tag-milchwagen","21":"product_tag-mischwagen","22":"product_tag-mixer-truck","23":"product_tag-modell","24":"product_tag-panel-truck","25":"product_tag-papiermodell","26":"product_tag-pdf","27":"product_tag-schneidplotter","28":"product_tag-schneidplotter-datei","29":"product_tag-svg","30":"product_tag-tankwagen","31":"product_tag-truck","33":"first","34":"instock","35":"downloadable","36":"virtual","37":"purchasable","38":"product-type-simple"},"aioseo_notices":[],"jetpack_sharing_enabled":true,"_links":{"self":[{"href":"https:\/\/mediendesign-moser.at\/shop\/index.php?rest_route=\/wp\/v2\/product\/5866","targetHints":{"allow":["GET"]}}],"collection":[{"href":"https:\/\/mediendesign-moser.at\/shop\/index.php?rest_route=\/wp\/v2\/product"}],"about":[{"href":"https:\/\/mediendesign-moser.at\/shop\/index.php?rest_route=\/wp\/v2\/types\/product"}],"replies":[{"embeddable":true,"href":"https:\/\/mediendesign-moser.at\/shop\/index.php?rest_route=%2Fwp%2Fv2%2Fcomments&post=5866"}],"wp:featuredmedia":[{"embeddable":true,"href":"https:\/\/mediendesign-moser.at\/shop\/index.php?rest_route=\/wp\/v2\/media\/5882"}],"wp:attachment":[{"href":"https:\/\/mediendesign-moser.at\/shop\/index.php?rest_route=%2Fwp%2Fv2%2Fmedia&parent=5866"}],"wp:term":[{"taxonomy":"product_cat","embeddable":true,"href":"https:\/\/mediendesign-moser.at\/shop\/index.php?rest_route=%2Fwp%2Fv2%2Fproduct_cat&post=5866"},{"taxonomy":"product_tag","embeddable":true,"href":"https:\/\/mediendesign-moser.at\/shop\/index.php?rest_route=%2Fwp%2Fv2%2Fproduct_tag&post=5866"}],"curies":[{"name":"wp","href":"https:\/\/api.w.org\/{rel}","templated":true}]}}