{"id":5811,"date":"2020-05-11T14:50:36","date_gmt":"2020-05-11T12:50:36","guid":{"rendered":"https:\/\/mediendesign-moser.at\/shop\/?post_type=product&#038;p=5811"},"modified":"2023-03-11T11:46:31","modified_gmt":"2023-03-11T10:46:31","slug":"download-schneide-datei-fuer-kirche","status":"publish","type":"product","link":"https:\/\/mediendesign-moser.at\/shop\/?product=download-schneide-datei-fuer-kirche","title":{"rendered":"Download: Schneide Datei f\u00fcr Kirche"},"content":{"rendered":"","protected":false},"excerpt":{"rendered":"<p>Schneide Datei (.svg, .dxf) f\u00fcr den Zuschnitt einer Kirche.<br \/>\nMit diesem Download k\u00f6nnen die Papierteile f\u00fcr die Kirche (Fotos) geschnitten werden. F\u00fcr die bunten Fenster ist eine Druckdatei vorhanden. Diese kann auf einer Overheadfolie ausgedruckt werden, sodass dieser sch\u00f6ne Buntglaseffekt entsteht.<br \/>\nF\u00fcr den Zuschnitt ben\u00f6tigen Sie einen Schneidplotter (z.B. Schneidemaschine von Silhouette, Brother, Cricut, oder andere Marke. Voraussetzung ist, dass Ihr Ger\u00e4t \u00a0.svg- oder .dxf-Dateien verarbeiten kann).<br \/>\nEin ausdruckbares .pdf ist ebenfalls in diesem Download enthalten.<br \/>\nBeachten Sie unsere \u00a0<a href=\"https:\/\/mediendesign-moser.at\/shop\/?page_id=758\" target=\"_blank\" rel=\"noopener\">Lizenzbedingungen<\/a>\u00a0f\u00fcr downloadbare Produkte.<a href=\"https:\/\/mediendesign-moser.at\/shop\/wp-content\/uploads\/2020\/05\/photocompilation-church.jpg\"><img loading=\"lazy\" decoding=\"async\" class=\"alignnone size-full wp-image-5810\" src=\"https:\/\/mediendesign-moser.at\/shop\/wp-content\/uploads\/2020\/05\/photocompilation-church.jpg\" alt=\"\" width=\"620\" height=\"3972\" srcset=\"https:\/\/mediendesign-moser.at\/shop\/wp-content\/uploads\/2020\/05\/photocompilation-church.jpg 620w, https:\/\/mediendesign-moser.at\/shop\/wp-content\/uploads\/2020\/05\/photocompilation-church-47x300.jpg 47w, https:\/\/mediendesign-moser.at\/shop\/wp-content\/uploads\/2020\/05\/photocompilation-church-160x1024.jpg 160w, https:\/\/mediendesign-moser.at\/shop\/wp-content\/uploads\/2020\/05\/photocompilation-church-600x3844.jpg 600w\" sizes=\"auto, (max-width: 620px) 100vw, 620px\" \/><\/a><\/p>\n","protected":false},"featured_media":5803,"comment_status":"open","ping_status":"closed","template":"","meta":{"om_disable_all_campaigns":false,"_monsterinsights_skip_tracking":false,"_monsterinsights_sitenote_active":false,"_monsterinsights_sitenote_note":"","_monsterinsights_sitenote_category":0},"product_cat":[513,796,849,263],"product_tag":[1085,1083,38,1120,995,1084,1082,501,503,518,504,142,517],"class_list":{"0":"post-5811","1":"product","2":"type-product","3":"status-publish","4":"has-post-thumbnail","6":"product_cat-schneidplotter-svg-und-pdf","7":"product_cat-gebaeude-schneidplotter-svg-und-pdf","8":"product_cat-hochzeit-schneidplotter-svg-und-pdf","9":"product_cat-downloadprodukte","10":"product_tag-chapel","11":"product_tag-church","12":"product_tag-download","13":"product_tag-dxf","14":"product_tag-gebaeude","15":"product_tag-kapelle","16":"product_tag-kirche","17":"product_tag-modell","18":"product_tag-papiermodell","19":"product_tag-pdf","20":"product_tag-schneidplotter","21":"product_tag-schneidplotter-datei","22":"product_tag-svg","24":"first","25":"instock","26":"downloadable","27":"virtual","28":"purchasable","29":"product-type-simple"},"aioseo_notices":[],"jetpack_sharing_enabled":true,"_links":{"self":[{"href":"https:\/\/mediendesign-moser.at\/shop\/index.php?rest_route=\/wp\/v2\/product\/5811","targetHints":{"allow":["GET"]}}],"collection":[{"href":"https:\/\/mediendesign-moser.at\/shop\/index.php?rest_route=\/wp\/v2\/product"}],"about":[{"href":"https:\/\/mediendesign-moser.at\/shop\/index.php?rest_route=\/wp\/v2\/types\/product"}],"replies":[{"embeddable":true,"href":"https:\/\/mediendesign-moser.at\/shop\/index.php?rest_route=%2Fwp%2Fv2%2Fcomments&post=5811"}],"wp:featuredmedia":[{"embeddable":true,"href":"https:\/\/mediendesign-moser.at\/shop\/index.php?rest_route=\/wp\/v2\/media\/5803"}],"wp:attachment":[{"href":"https:\/\/mediendesign-moser.at\/shop\/index.php?rest_route=%2Fwp%2Fv2%2Fmedia&parent=5811"}],"wp:term":[{"taxonomy":"product_cat","embeddable":true,"href":"https:\/\/mediendesign-moser.at\/shop\/index.php?rest_route=%2Fwp%2Fv2%2Fproduct_cat&post=5811"},{"taxonomy":"product_tag","embeddable":true,"href":"https:\/\/mediendesign-moser.at\/shop\/index.php?rest_route=%2Fwp%2Fv2%2Fproduct_tag&post=5811"}],"curies":[{"name":"wp","href":"https:\/\/api.w.org\/{rel}","templated":true}]}}