{"id":5084,"date":"2020-01-23T21:29:27","date_gmt":"2020-01-23T20:29:27","guid":{"rendered":"https:\/\/mediendesign-moser.at\/shop\/?post_type=product&#038;p=5084"},"modified":"2022-05-23T16:14:44","modified_gmt":"2022-05-23T14:14:44","slug":"download-schneidplotter-datei-boutiqueeinrichtung","status":"publish","type":"product","link":"https:\/\/mediendesign-moser.at\/shop\/?product=download-schneidplotter-datei-boutiqueeinrichtung","title":{"rendered":"Download: Schneidplotter-Datei Boutiqueeinrichtung"},"content":{"rendered":"","protected":false},"excerpt":{"rendered":"<p>Schneide Datei f\u00fcr den Zuschnitt einer Einrichtung f\u00fcr eine Boutique bzw. Modeshop.<br \/>\nMit dieser Datei k\u00f6nnen die Papier-Einzelteile f\u00fcr das auf den Fotos ersichtliche Regal, sowie des Kleiderst\u00e4nders und Kleidern\/Badeanzug zugeschnitten werden.<\/p>\n<p>Im Download sind enthalten:<\/p>\n<ul>\n<li>SVG-Dateien f\u00fcr die Verwendung mit folgenden Schneideger\u00e4ten:<br \/>\nCricut, Brother ScanNCut, oder Silhouette-Ger\u00e4te (Silhouette Studio ab Designer-Edition erforderlich)<\/li>\n<li>DXF-Dateien f\u00fcr Silhouette-Ger\u00e4te (Silhouette Studio Basic Edition ist ausreichend)<\/li>\n<li>Bastelbogen zum Ausdrucken f\u00fcr manuellen Zuschnitt.<\/li>\n<\/ul>\n<p>Dieses Projekt wurde mit folgenden Schneideger\u00e4ten getestet:<br \/>\nSilhouette Cameo, Cricut Maker, Brother ScanNCut.<br \/>\nInfos und Anleitungen zur Verwendung mit den jeweiligen Ger\u00e4ten <a href=\"https:\/\/mediendesign-moser.at\/shop\/?page_id=6409\" target=\"_blank\" rel=\"noopener\">finden Sie hier<\/a>.<\/p>\n<p>Beachten Sie unsere \u00a0<a href=\"https:\/\/mediendesign-moser.at\/shop\/?page_id=758\" target=\"_blank\" rel=\"noopener\">Lizenzbedingungen<\/a>\u00a0f\u00fcr downloadbare Produkte.<\/p>\n<p><a href=\"https:\/\/mediendesign-moser.at\/shop\/wp-content\/uploads\/2021\/03\/DL-SPMD010-boutique-furniture-rack.jpg\"><img loading=\"lazy\" decoding=\"async\" class=\"alignnone size-full wp-image-9667\" src=\"https:\/\/mediendesign-moser.at\/shop\/wp-content\/uploads\/2021\/03\/DL-SPMD010-boutique-furniture-rack.jpg\" alt=\"\" width=\"620\" height=\"2422\" srcset=\"https:\/\/mediendesign-moser.at\/shop\/wp-content\/uploads\/2021\/03\/DL-SPMD010-boutique-furniture-rack.jpg 620w, https:\/\/mediendesign-moser.at\/shop\/wp-content\/uploads\/2021\/03\/DL-SPMD010-boutique-furniture-rack-77x300.jpg 77w, https:\/\/mediendesign-moser.at\/shop\/wp-content\/uploads\/2021\/03\/DL-SPMD010-boutique-furniture-rack-262x1024.jpg 262w, https:\/\/mediendesign-moser.at\/shop\/wp-content\/uploads\/2021\/03\/DL-SPMD010-boutique-furniture-rack-600x2344.jpg 600w\" sizes=\"auto, (max-width: 620px) 100vw, 620px\" \/><\/a><a href=\"https:\/\/mediendesign-moser.at\/shop\/wp-content\/uploads\/2021\/03\/DL-SPMD010-boutique-furniture-shelf.jpg\"><img loading=\"lazy\" decoding=\"async\" class=\"alignnone size-full wp-image-9668\" src=\"https:\/\/mediendesign-moser.at\/shop\/wp-content\/uploads\/2021\/03\/DL-SPMD010-boutique-furniture-shelf.jpg\" alt=\"\" width=\"640\" height=\"1750\" srcset=\"https:\/\/mediendesign-moser.at\/shop\/wp-content\/uploads\/2021\/03\/DL-SPMD010-boutique-furniture-shelf.jpg 640w, https:\/\/mediendesign-moser.at\/shop\/wp-content\/uploads\/2021\/03\/DL-SPMD010-boutique-furniture-shelf-110x300.jpg 110w, https:\/\/mediendesign-moser.at\/shop\/wp-content\/uploads\/2021\/03\/DL-SPMD010-boutique-furniture-shelf-374x1024.jpg 374w, https:\/\/mediendesign-moser.at\/shop\/wp-content\/uploads\/2021\/03\/DL-SPMD010-boutique-furniture-shelf-600x1641.jpg 600w\" sizes=\"auto, (max-width: 640px) 100vw, 640px\" \/><\/a><\/p>\n","protected":false},"featured_media":5081,"comment_status":"open","ping_status":"closed","template":"","meta":{"om_disable_all_campaigns":false,"_monsterinsights_skip_tracking":false,"_monsterinsights_sitenote_active":false,"_monsterinsights_sitenote_note":"","_monsterinsights_sitenote_category":0},"product_cat":[1124,513,812,807,898,263],"product_tag":[1035,336,1033,542,38,895,1034,1032,518,337,541,504,142,146,517,1036,1037],"class_list":{"0":"post-5084","1":"product","2":"type-product","3":"status-publish","4":"has-post-thumbnail","6":"product_cat-bastelboegen","7":"product_cat-schneidplotter-svg-und-pdf","8":"product_cat-kleidung","9":"product_cat-moebel-u-einrichtung-schneidplotter-svg-und-pdf","10":"product_cat-mode-und-schoenheit","11":"product_cat-downloadprodukte","12":"product_tag-badeanzug","13":"product_tag-boutique","14":"product_tag-boutiqueeinrichtung","15":"product_tag-brother","16":"product_tag-download","17":"product_tag-einrichtung","18":"product_tag-kleiderstaender","19":"product_tag-modeshop","20":"product_tag-pdf","21":"product_tag-regal","22":"product_tag-scanncut","23":"product_tag-schneidplotter","24":"product_tag-schneidplotter-datei","25":"product_tag-schuh","26":"product_tag-svg","27":"product_tag-unterwaesche","28":"product_tag-waesche","30":"first","31":"instock","32":"downloadable","33":"virtual","34":"purchasable","35":"product-type-simple"},"aioseo_notices":[],"jetpack_sharing_enabled":true,"_links":{"self":[{"href":"https:\/\/mediendesign-moser.at\/shop\/index.php?rest_route=\/wp\/v2\/product\/5084","targetHints":{"allow":["GET"]}}],"collection":[{"href":"https:\/\/mediendesign-moser.at\/shop\/index.php?rest_route=\/wp\/v2\/product"}],"about":[{"href":"https:\/\/mediendesign-moser.at\/shop\/index.php?rest_route=\/wp\/v2\/types\/product"}],"replies":[{"embeddable":true,"href":"https:\/\/mediendesign-moser.at\/shop\/index.php?rest_route=%2Fwp%2Fv2%2Fcomments&post=5084"}],"wp:featuredmedia":[{"embeddable":true,"href":"https:\/\/mediendesign-moser.at\/shop\/index.php?rest_route=\/wp\/v2\/media\/5081"}],"wp:attachment":[{"href":"https:\/\/mediendesign-moser.at\/shop\/index.php?rest_route=%2Fwp%2Fv2%2Fmedia&parent=5084"}],"wp:term":[{"taxonomy":"product_cat","embeddable":true,"href":"https:\/\/mediendesign-moser.at\/shop\/index.php?rest_route=%2Fwp%2Fv2%2Fproduct_cat&post=5084"},{"taxonomy":"product_tag","embeddable":true,"href":"https:\/\/mediendesign-moser.at\/shop\/index.php?rest_route=%2Fwp%2Fv2%2Fproduct_tag&post=5084"}],"curies":[{"name":"wp","href":"https:\/\/api.w.org\/{rel}","templated":true}]}}