{"id":480,"date":"2016-11-01T19:08:43","date_gmt":"2016-11-01T18:08:43","guid":{"rendered":"http:\/\/mediendesign-moser.at\/shop\/?product=download-schneitplotter-datei-fuer-handtaeschchen-aus-papier"},"modified":"2025-01-23T16:55:28","modified_gmt":"2025-01-23T15:55:28","slug":"download-schneitplotter-datei-fuer-handtaeschchen-aus-papier","status":"publish","type":"product","link":"https:\/\/mediendesign-moser.at\/shop\/?product=download-schneitplotter-datei-fuer-handtaeschchen-aus-papier","title":{"rendered":"Download: Schneide Datei \/ Bastelbogen f\u00fcr eine Handtasche"},"content":{"rendered":"","protected":false},"excerpt":{"rendered":"<p>Schneide Dateien Set (.svg, .dxf) f\u00fcr den Zuschnitt eines Handt\u00e4schchens.<br \/>\nGr\u00f6\u00dfe der fertigen Tasche: ca. 2 cm L\u00e4nge x 6,5 cm Breite x 4 cm H\u00f6he.<\/p>\n<p>Mit diesem Download k\u00f6nnen die Papierteile f\u00fcr die Handtasche (Fotos) geschnitten werden.<\/p>\n<p>Im Download sind enthalten:<\/p>\n<ul>\n<li>SVG-Dateien f\u00fcr die Verwendung mit folgenden Schneideger\u00e4ten:<br \/>\nCricut, Brother ScanNCut, Silhouette Ger\u00e4te<\/li>\n<li>DXF-Dateien<\/li>\n<li>Bastelbogen zum Ausdrucken f\u00fcr manuellen Zuschnitt.<\/li>\n<\/ul>\n<p>Wir empfehlen die Verwendung von Mini-Magneten, damit man das Handt\u00e4schchen verschlie\u00dfen und wieder \u00d6ffnen kann.<\/p>\n<h3>Zu diesem Projekt passende Produktempfehlungen auf Amazon:<\/h3>\n<p><a href=\"https:\/\/amzn.to\/4avH59c\" target=\"_blank\" rel=\"noopener\">Mini-Magnete auf Amazon kaufen.<\/a><\/p>\n<p>Dieses Projekt wurde mit folgenden Schneideger\u00e4ten getestet:<br \/>\nSilhouette Cameo, Cricut Maker, Brother ScanNCut.<br \/>\nInfos und Anleitungen zur Verwendung mit den jeweiligen Ger\u00e4ten <a href=\"https:\/\/mediendesign-moser.at\/shop\/?page_id=6409\" target=\"_blank\" rel=\"noopener\">finden Sie hier<\/a>.<\/p>\n<p>Beachten Sie unsere \u00a0<a href=\"https:\/\/mediendesign-moser.at\/shop\/?page_id=758\" target=\"_blank\" rel=\"noopener\">Lizenzbedingungen<\/a>\u00a0f\u00fcr downloadbare Produkte.<\/p>\n<p><img loading=\"lazy\" decoding=\"async\" class=\"alignnone size-full wp-image-26071\" src=\"https:\/\/mediendesign-moser.at\/shop\/wp-content\/uploads\/2016\/11\/DL-SPMD130-handbag-scaled.jpg\" alt=\"\" width=\"838\" height=\"2560\" srcset=\"https:\/\/mediendesign-moser.at\/shop\/wp-content\/uploads\/2016\/11\/DL-SPMD130-handbag-scaled.jpg 838w, https:\/\/mediendesign-moser.at\/shop\/wp-content\/uploads\/2016\/11\/DL-SPMD130-handbag-98x300.jpg 98w, https:\/\/mediendesign-moser.at\/shop\/wp-content\/uploads\/2016\/11\/DL-SPMD130-handbag-335x1024.jpg 335w, https:\/\/mediendesign-moser.at\/shop\/wp-content\/uploads\/2016\/11\/DL-SPMD130-handbag-768x2346.jpg 768w, https:\/\/mediendesign-moser.at\/shop\/wp-content\/uploads\/2016\/11\/DL-SPMD130-handbag-503x1536.jpg 503w, https:\/\/mediendesign-moser.at\/shop\/wp-content\/uploads\/2016\/11\/DL-SPMD130-handbag-670x2048.jpg 670w, https:\/\/mediendesign-moser.at\/shop\/wp-content\/uploads\/2016\/11\/DL-SPMD130-handbag-600x1833.jpg 600w\" sizes=\"auto, (max-width: 838px) 100vw, 838px\" \/><\/p>\n","protected":false},"featured_media":26068,"comment_status":"open","ping_status":"closed","template":"","meta":{"om_disable_all_campaigns":false,"_monsterinsights_skip_tracking":false,"_monsterinsights_sitenote_active":false,"_monsterinsights_sitenote_note":"","_monsterinsights_sitenote_category":0},"product_cat":[513,812,898,263],"product_tag":[144,1055,38,1120,149,2019,148,147,73,1644,518,541,142,143,517,150],"class_list":{"0":"post-480","1":"product","2":"type-product","3":"status-publish","4":"has-post-thumbnail","6":"product_cat-schneidplotter-svg-und-pdf","7":"product_cat-kleidung","8":"product_cat-mode-und-schoenheit","9":"product_cat-downloadprodukte","10":"product_tag-cameo","11":"product_tag-cricut","12":"product_tag-download","13":"product_tag-dxf","14":"product_tag-elegant","15":"product_tag-handbag","16":"product_tag-handtaeschchen","17":"product_tag-handtasche","18":"product_tag-mode","19":"product_tag-pazzles","20":"product_tag-pdf","21":"product_tag-scanncut","22":"product_tag-schneidplotter-datei","23":"product_tag-silhouette","24":"product_tag-svg","25":"product_tag-zuschnitt","27":"first","28":"instock","29":"downloadable","30":"virtual","31":"purchasable","32":"product-type-simple"},"aioseo_notices":[],"jetpack_sharing_enabled":true,"_links":{"self":[{"href":"https:\/\/mediendesign-moser.at\/shop\/index.php?rest_route=\/wp\/v2\/product\/480","targetHints":{"allow":["GET"]}}],"collection":[{"href":"https:\/\/mediendesign-moser.at\/shop\/index.php?rest_route=\/wp\/v2\/product"}],"about":[{"href":"https:\/\/mediendesign-moser.at\/shop\/index.php?rest_route=\/wp\/v2\/types\/product"}],"replies":[{"embeddable":true,"href":"https:\/\/mediendesign-moser.at\/shop\/index.php?rest_route=%2Fwp%2Fv2%2Fcomments&post=480"}],"wp:featuredmedia":[{"embeddable":true,"href":"https:\/\/mediendesign-moser.at\/shop\/index.php?rest_route=\/wp\/v2\/media\/26068"}],"wp:attachment":[{"href":"https:\/\/mediendesign-moser.at\/shop\/index.php?rest_route=%2Fwp%2Fv2%2Fmedia&parent=480"}],"wp:term":[{"taxonomy":"product_cat","embeddable":true,"href":"https:\/\/mediendesign-moser.at\/shop\/index.php?rest_route=%2Fwp%2Fv2%2Fproduct_cat&post=480"},{"taxonomy":"product_tag","embeddable":true,"href":"https:\/\/mediendesign-moser.at\/shop\/index.php?rest_route=%2Fwp%2Fv2%2Fproduct_tag&post=480"}],"curies":[{"name":"wp","href":"https:\/\/api.w.org\/{rel}","templated":true}]}}