{"id":4084,"date":"2019-07-29T14:09:43","date_gmt":"2019-07-29T12:09:43","guid":{"rendered":"https:\/\/mediendesign-moser.at\/shop\/?post_type=product&#038;p=4084"},"modified":"2019-07-29T14:13:52","modified_gmt":"2019-07-29T12:13:52","slug":"download-designhintergrund-aquarell-palmen-insel","status":"publish","type":"product","link":"https:\/\/mediendesign-moser.at\/shop\/?product=download-designhintergrund-aquarell-palmen-insel","title":{"rendered":"Download: Designhintergrund Aquarell Palmen &#8211; Insel"},"content":{"rendered":"","protected":false},"excerpt":{"rendered":"<p>Mit Aquarellfarben gemaltes Bild das nach dem Malen digitalisiert wurde.<br \/>\nDieser Aquarellhintergrund kann in Ihrem Kreativ- oder Multimediaprojekt (Webseite, Flyer, Brosch\u00fcre, Karte etc.) z.B. als farbiger Hintergrund verwendet werden.<br \/>\nDer Download beinhaltet das Bild im Dateiformat .jpg. Es werden \u00a02 verschiedenen Aufl\u00f6sungen zur Verf\u00fcgung gestellt (mittlere und kleine Dateigr\u00f6\u00dfe).<br \/>\nEs gelten unsere <a href=\"https:\/\/mediendesign-moser.at\/shop\/?page_id=758\" target=\"_blank\" rel=\"noopener\">Lizenzbedingungen<\/a> f\u00fcr downloadbare Produkte.<\/p>\n","protected":false},"featured_media":4085,"comment_status":"closed","ping_status":"closed","template":"","meta":{"om_disable_all_campaigns":false,"_monsterinsights_skip_tracking":false,"_monsterinsights_sitenote_active":false,"_monsterinsights_sitenote_note":"","_monsterinsights_sitenote_category":0},"product_cat":[268,263],"product_tag":[277,281,276,38,273,750,611,480,753,99,272,108],"class_list":{"0":"post-4084","1":"product","2":"type-product","3":"status-publish","4":"has-post-thumbnail","6":"product_cat-fotos","7":"product_cat-downloadprodukte","8":"product_tag-aquarell","9":"product_tag-artwork","10":"product_tag-design","11":"product_tag-download","12":"product_tag-hintergrund","13":"product_tag-insel","14":"product_tag-landschaft","15":"product_tag-meer","16":"product_tag-palmen","17":"product_tag-reise","18":"product_tag-stockfoto","19":"product_tag-sueden","21":"first","22":"instock","23":"downloadable","24":"virtual","25":"purchasable","26":"product-type-simple"},"aioseo_notices":[],"jetpack_sharing_enabled":true,"_links":{"self":[{"href":"https:\/\/mediendesign-moser.at\/shop\/index.php?rest_route=\/wp\/v2\/product\/4084","targetHints":{"allow":["GET"]}}],"collection":[{"href":"https:\/\/mediendesign-moser.at\/shop\/index.php?rest_route=\/wp\/v2\/product"}],"about":[{"href":"https:\/\/mediendesign-moser.at\/shop\/index.php?rest_route=\/wp\/v2\/types\/product"}],"replies":[{"embeddable":true,"href":"https:\/\/mediendesign-moser.at\/shop\/index.php?rest_route=%2Fwp%2Fv2%2Fcomments&post=4084"}],"wp:featuredmedia":[{"embeddable":true,"href":"https:\/\/mediendesign-moser.at\/shop\/index.php?rest_route=\/wp\/v2\/media\/4085"}],"wp:attachment":[{"href":"https:\/\/mediendesign-moser.at\/shop\/index.php?rest_route=%2Fwp%2Fv2%2Fmedia&parent=4084"}],"wp:term":[{"taxonomy":"product_cat","embeddable":true,"href":"https:\/\/mediendesign-moser.at\/shop\/index.php?rest_route=%2Fwp%2Fv2%2Fproduct_cat&post=4084"},{"taxonomy":"product_tag","embeddable":true,"href":"https:\/\/mediendesign-moser.at\/shop\/index.php?rest_route=%2Fwp%2Fv2%2Fproduct_tag&post=4084"}],"curies":[{"name":"wp","href":"https:\/\/api.w.org\/{rel}","templated":true}]}}