{"id":2615,"date":"2018-10-06T15:08:36","date_gmt":"2018-10-06T13:08:36","guid":{"rendered":"http:\/\/mediendesign-moser.at\/shop\/?post_type=product&#038;p=2615"},"modified":"2021-10-06T15:34:12","modified_gmt":"2021-10-06T13:34:12","slug":"download-schneidplotter-dateien-fuer-nostalgie-ofen","status":"publish","type":"product","link":"https:\/\/mediendesign-moser.at\/shop\/?product=download-schneidplotter-dateien-fuer-nostalgie-ofen","title":{"rendered":"Download: Schneide Datei \/ Bastelbogen f\u00fcr Nostalgie Ofen"},"content":{"rendered":"","protected":false},"excerpt":{"rendered":"<p>Schneide Datei (.svg, .dxf) f\u00fcr den Zuschnitt eines nostalgischen Ofens.<\/p>\n<p>Mit diesem Download k\u00f6nnen die Papierteile f\u00fcr den Ofen (Fotos) geschnitten werden.<\/p>\n<p>Gr\u00f6\u00dfe des fertig hergestellten Ofens: Ca. 8 x 6 x 5 cm. Die Treppe passt in eine Explosionsbox mit einer Gr\u00f6\u00dfe von ca. 10 x 10 x 10 cm (=ca. 4 x 4 x 4&#8243;) hinein.<\/p>\n<p>Im Download sind enthalten:<\/p>\n<ul>\n<li>SVG-Dateien f\u00fcr die Verwendung mit folgenden Schneideger\u00e4ten:<br \/>\nCricut, Pazzles, Brother ScanNCut, oder Silhouette-Ger\u00e4te<\/li>\n<li>DXF-Dateien<\/li>\n<li>Bastelbogen-PDF<\/li>\n<\/ul>\n<p>Dieses Projekt wurde mit folgenden Schneideger\u00e4ten getestet:<br \/>\nSilhouette Cameo, Cricut Maker, Brother ScanNCut.<br \/>\nInfos und Anleitungen zur Verwendung mit den jeweiligen Ger\u00e4ten <a href=\"https:\/\/mediendesign-moser.at\/shop\/?page_id=6409\" target=\"_blank\" rel=\"noopener\">finden Sie hier<\/a>.<\/p>\n<p>Beachten Sie unsere \u00a0<a href=\"https:\/\/mediendesign-moser.at\/shop\/?page_id=758\" target=\"_blank\" rel=\"noopener\">Lizenzbedingungen<\/a>\u00a0f\u00fcr downloadbare Produkte.<\/p>\n<p><a href=\"https:\/\/mediendesign-moser.at\/shop\/wp-content\/uploads\/2021\/10\/DL-SPMB020-vintage-oven.jpg\"><img loading=\"lazy\" decoding=\"async\" class=\"alignnone wp-image-12625 size-full\" src=\"https:\/\/mediendesign-moser.at\/shop\/wp-content\/uploads\/2021\/10\/DL-SPMB020-vintage-oven.jpg\" alt=\"\" width=\"620\" height=\"2422\" srcset=\"https:\/\/mediendesign-moser.at\/shop\/wp-content\/uploads\/2021\/10\/DL-SPMB020-vintage-oven.jpg 620w, https:\/\/mediendesign-moser.at\/shop\/wp-content\/uploads\/2021\/10\/DL-SPMB020-vintage-oven-77x300.jpg 77w, https:\/\/mediendesign-moser.at\/shop\/wp-content\/uploads\/2021\/10\/DL-SPMB020-vintage-oven-262x1024.jpg 262w, https:\/\/mediendesign-moser.at\/shop\/wp-content\/uploads\/2021\/10\/DL-SPMB020-vintage-oven-600x2344.jpg 600w\" sizes=\"auto, (max-width: 620px) 100vw, 620px\" \/><\/a><\/p>\n<p>&nbsp;<\/p>\n","protected":false},"featured_media":12626,"comment_status":"closed","ping_status":"closed","template":"","meta":{"om_disable_all_campaigns":false,"_monsterinsights_skip_tracking":false,"_monsterinsights_sitenote_active":false,"_monsterinsights_sitenote_note":"","_monsterinsights_sitenote_category":0},"product_cat":[513,807,263],"product_tag":[701,498,1853,698,699,696,1855,542,1856,38,1277,697,1851,700,695,694,1852,1854,1849,518,541,504,142,143,517,499,1850],"class_list":{"0":"post-2615","1":"product","2":"type-product","3":"status-publish","4":"has-post-thumbnail","6":"product_cat-schneidplotter-svg-und-pdf","7":"product_cat-moebel-u-einrichtung-schneidplotter-svg-und-pdf","8":"product_cat-downloadprodukte","9":"product_tag-alt","10":"product_tag-antik","11":"product_tag-antique","12":"product_tag-backen","13":"product_tag-baecker","14":"product_tag-backofen","15":"product_tag-baker","16":"product_tag-brother","17":"product_tag-cook","18":"product_tag-download","19":"product_tag-kitchen","20":"product_tag-kueche","21":"product_tag-nostalgic-oven","22":"product_tag-nostalgie","23":"product_tag-nostalgisch","24":"product_tag-ofen","25":"product_tag-old","26":"product_tag-old-oven","27":"product_tag-oven","28":"product_tag-pdf","29":"product_tag-scanncut","30":"product_tag-schneidplotter","31":"product_tag-schneidplotter-datei","32":"product_tag-silhouette","33":"product_tag-svg","34":"product_tag-vintage","35":"product_tag-vintage-oven","37":"first","38":"instock","39":"downloadable","40":"virtual","41":"purchasable","42":"product-type-simple"},"aioseo_notices":[],"jetpack_sharing_enabled":true,"_links":{"self":[{"href":"https:\/\/mediendesign-moser.at\/shop\/index.php?rest_route=\/wp\/v2\/product\/2615","targetHints":{"allow":["GET"]}}],"collection":[{"href":"https:\/\/mediendesign-moser.at\/shop\/index.php?rest_route=\/wp\/v2\/product"}],"about":[{"href":"https:\/\/mediendesign-moser.at\/shop\/index.php?rest_route=\/wp\/v2\/types\/product"}],"replies":[{"embeddable":true,"href":"https:\/\/mediendesign-moser.at\/shop\/index.php?rest_route=%2Fwp%2Fv2%2Fcomments&post=2615"}],"wp:featuredmedia":[{"embeddable":true,"href":"https:\/\/mediendesign-moser.at\/shop\/index.php?rest_route=\/wp\/v2\/media\/12626"}],"wp:attachment":[{"href":"https:\/\/mediendesign-moser.at\/shop\/index.php?rest_route=%2Fwp%2Fv2%2Fmedia&parent=2615"}],"wp:term":[{"taxonomy":"product_cat","embeddable":true,"href":"https:\/\/mediendesign-moser.at\/shop\/index.php?rest_route=%2Fwp%2Fv2%2Fproduct_cat&post=2615"},{"taxonomy":"product_tag","embeddable":true,"href":"https:\/\/mediendesign-moser.at\/shop\/index.php?rest_route=%2Fwp%2Fv2%2Fproduct_tag&post=2615"}],"curies":[{"name":"wp","href":"https:\/\/api.w.org\/{rel}","templated":true}]}}