{"id":2380,"date":"2018-08-11T14:21:47","date_gmt":"2018-08-11T12:21:47","guid":{"rendered":"http:\/\/mediendesign-moser.at\/shop\/?post_type=product&#038;p=2380"},"modified":"2023-11-23T12:11:51","modified_gmt":"2023-11-23T11:11:51","slug":"explosionsbox-mit-verlies-und-krampus-stuhl","status":"publish","type":"product","link":"https:\/\/mediendesign-moser.at\/shop\/?product=explosionsbox-mit-verlies-und-krampus-stuhl","title":{"rendered":"Explosionsbox mit Verlies und Krampus-Stuhl"},"content":{"rendered":"","protected":false},"excerpt":{"rendered":"<p>Handgemachte Explosionsbox mit einem Verlies samt Krampus-Stuhl und Ketten an der Wand.<br \/>\nGr\u00f6\u00dfe dieser Geschenkbox: W\u00fcrfel mit ca. 10\u00a0cm Seitenkantenl\u00e4nge.<\/p>\n<p>Nicht lieferbar, da wir unsere Explosionsboxen-Angebote eingestellt haben.<\/p>\n","protected":false},"featured_media":2378,"comment_status":"closed","ping_status":"closed","template":"","meta":{"om_disable_all_campaigns":false,"_monsterinsights_skip_tracking":false,"_monsterinsights_sitenote_active":false,"_monsterinsights_sitenote_note":"","_monsterinsights_sitenote_category":0},"product_cat":[523,63,657,983,49],"product_tag":[388,89,51,52,165,655,646,654,653,656,129,652],"class_list":{"0":"post-2380","1":"product","2":"type-product","3":"status-publish","4":"has-post-thumbnail","6":"product_cat-erlebnisgeschenk","7":"product_cat-geburtstag","8":"product_cat-humor","9":"product_cat-weihnachten","10":"product_cat-explosionsboxen","11":"product_tag-advent","12":"product_tag-ausflug","13":"product_tag-explosionsbox","14":"product_tag-geschenk","15":"product_tag-geschenkbox","16":"product_tag-humor","17":"product_tag-krampus","18":"product_tag-lustig","19":"product_tag-perchtenlauf","20":"product_tag-spass","21":"product_tag-weihnachten","22":"product_tag-weihnachtsmarkt","23":"product_shipping_class-gebo","25":"first","26":"instock","27":"product-type-external"},"aioseo_notices":[],"jetpack_sharing_enabled":true,"_links":{"self":[{"href":"https:\/\/mediendesign-moser.at\/shop\/index.php?rest_route=\/wp\/v2\/product\/2380","targetHints":{"allow":["GET"]}}],"collection":[{"href":"https:\/\/mediendesign-moser.at\/shop\/index.php?rest_route=\/wp\/v2\/product"}],"about":[{"href":"https:\/\/mediendesign-moser.at\/shop\/index.php?rest_route=\/wp\/v2\/types\/product"}],"replies":[{"embeddable":true,"href":"https:\/\/mediendesign-moser.at\/shop\/index.php?rest_route=%2Fwp%2Fv2%2Fcomments&post=2380"}],"wp:featuredmedia":[{"embeddable":true,"href":"https:\/\/mediendesign-moser.at\/shop\/index.php?rest_route=\/wp\/v2\/media\/2378"}],"wp:attachment":[{"href":"https:\/\/mediendesign-moser.at\/shop\/index.php?rest_route=%2Fwp%2Fv2%2Fmedia&parent=2380"}],"wp:term":[{"taxonomy":"product_cat","embeddable":true,"href":"https:\/\/mediendesign-moser.at\/shop\/index.php?rest_route=%2Fwp%2Fv2%2Fproduct_cat&post=2380"},{"taxonomy":"product_tag","embeddable":true,"href":"https:\/\/mediendesign-moser.at\/shop\/index.php?rest_route=%2Fwp%2Fv2%2Fproduct_tag&post=2380"}],"curies":[{"name":"wp","href":"https:\/\/api.w.org\/{rel}","templated":true}]}}