{"id":21878,"date":"2023-10-20T11:22:03","date_gmt":"2023-10-20T09:22:03","guid":{"rendered":"https:\/\/mediendesign-moser.at\/shop\/?post_type=product&#038;p=21878"},"modified":"2024-12-08T16:19:39","modified_gmt":"2024-12-08T15:19:39","slug":"download-schneide-datei-bastelbogen-explosionsbox-hoch-4x4x7","status":"publish","type":"product","link":"https:\/\/mediendesign-moser.at\/shop\/?product=download-schneide-datei-bastelbogen-explosionsbox-hoch-4x4x7","title":{"rendered":"Download: Schneide Datei \/ Bastelbogen Explosionsbox hoch 4x4x7&#8243;"},"content":{"rendered":"","protected":false},"excerpt":{"rendered":"<p>Schneide Dateien Set (.svg, .dxf) f\u00fcr den Zuschnitt einer hohen Explosionsbox.<br \/>\nGr\u00f6\u00dfe der fertigen Box: L\u00e4nge x Breite ca. 10,2 x 10,2 cm und H\u00f6he 17,8 cm (=4&#215;4&#8243; x 7&#8243;).<\/p>\n<p>Mit diesem Download k\u00f6nnen die Papierteile f\u00fcr die hohe Explosionsbox (Fotos) geschnitten werden. Sie ben\u00f6tigen eine Schneidemaschine mit Schneidemattengr\u00f6\u00dfe von mindestens 8 x 12&#8243; (z.B. Silhouette Portrait, Silhouette Cameo, Brother ScanNCut, Cricut Maker etc.)<\/p>\n<p>Diese Box eignet sich z.B. hervorragend f\u00fcr Motive wie &#8220;<a href=\"https:\/\/mediendesign-moser.at\/shop\/?product=download-schneidplotter-dateien-fallschirm-und-fallschirmgeruest\" target=\"_blank\" rel=\"noopener\">Fallschirmspringen<\/a>&#8221; oder &#8220;Kite Surfen&#8221;. des Weiteren passen in diese Box auch die Motive &#8220;<a href=\"https:\/\/mediendesign-moser.at\/shop\/?product=download-schneidplotter-dateien-miniatur-eiffelturm\" target=\"_blank\" rel=\"noopener\">Eiffelturm<\/a>&#8221; oder &#8220;<a href=\"https:\/\/mediendesign-moser.at\/shop\/?product=download-schneidplotter-dateien-miniatur-bigben\" target=\"_blank\" rel=\"noopener\">Big Ben<\/a>&#8221; hinein.<br \/>\nIm Download sind enthalten:<\/p>\n<ul>\n<li>SVG-Dateien f\u00fcr die Verwendung mit folgenden Schneideger\u00e4ten:<br \/>\nCricut, Brother ScanNCut, Silhouette Ger\u00e4te<\/li>\n<li>DXF-Dateien<\/li>\n<li>Bastelbogen zum Ausdrucken f\u00fcr h\u00e4ndischen Zuschnitt.<\/li>\n<\/ul>\n<p>Dieses Projekt wurde mit folgenden Schneideger\u00e4ten getestet:<br \/>\nSilhouette Cameo, Cricut Maker, Brother ScanNCut.<br \/>\nInfos und Anleitungen zur Verwendung mit den jeweiligen Ger\u00e4ten <a href=\"https:\/\/mediendesign-moser.at\/shop\/?page_id=6409\" target=\"_blank\" rel=\"noopener\">finden Sie hier<\/a>.<\/p>\n<p>Beachten Sie unsere \u00a0<a href=\"https:\/\/mediendesign-moser.at\/shop\/?page_id=758\" target=\"_blank\" rel=\"noopener\">Lizenzbedingungen<\/a>\u00a0f\u00fcr downloadbare Produkte.<\/p>\n<p>Anleitungsvideo:<br \/>\n<iframe loading=\"lazy\" title=\"YouTube video player\" src=\"https:\/\/www.youtube.com\/embed\/UuG8X4N7I3Y?si=Kt1dzqNEzECaaTtp\" width=\"560\" height=\"315\" frameborder=\"0\" allowfullscreen=\"allowfullscreen\"><\/iframe><\/p>\n<p><img loading=\"lazy\" decoding=\"async\" class=\"alignnone wp-image-21877 size-full\" src=\"https:\/\/mediendesign-moser.at\/shop\/wp-content\/uploads\/2023\/10\/DL-SPBA210-4x4x7.jpg\" alt=\"\" width=\"1280\" height=\"5150\" srcset=\"https:\/\/mediendesign-moser.at\/shop\/wp-content\/uploads\/2023\/10\/DL-SPBA210-4x4x7.jpg 1280w, https:\/\/mediendesign-moser.at\/shop\/wp-content\/uploads\/2023\/10\/DL-SPBA210-4x4x7-768x3090.jpg 768w, https:\/\/mediendesign-moser.at\/shop\/wp-content\/uploads\/2023\/10\/DL-SPBA210-4x4x7-600x2414.jpg 600w\" sizes=\"auto, (max-width: 1280px) 100vw, 1280px\" \/><\/p>\n","protected":false},"featured_media":21870,"comment_status":"open","ping_status":"closed","template":"","meta":{"om_disable_all_campaigns":false,"_monsterinsights_skip_tracking":false,"_monsterinsights_sitenote_active":false,"_monsterinsights_sitenote_note":"","_monsterinsights_sitenote_category":0},"product_cat":[1124,513,2002,799,263],"product_tag":[386,1055,2091,38,1120,1239,2207,51,2208,1644,518,1870,541,2090,504,142,517],"class_list":{"0":"post-21878","1":"product","2":"type-product","3":"status-publish","4":"has-post-thumbnail","6":"product_cat-bastelboegen","7":"product_cat-schneidplotter-svg-und-pdf","8":"product_cat-basic","9":"product_cat-verpackungen-schneidplotter-svg-und-pdf","10":"product_cat-downloadprodukte","11":"product_tag-box","12":"product_tag-cricut","13":"product_tag-cutting-file","14":"product_tag-download","15":"product_tag-dxf","16":"product_tag-exploding-box","17":"product_tag-exploding-box-high","18":"product_tag-explosionsbox","19":"product_tag-explosionsbox-hoch","20":"product_tag-pazzles","21":"product_tag-pdf","22":"product_tag-plotterdatei","23":"product_tag-scanncut","24":"product_tag-schneidedatei","25":"product_tag-schneidplotter","26":"product_tag-schneidplotter-datei","27":"product_tag-svg","29":"first","30":"instock","31":"downloadable","32":"virtual","33":"purchasable","34":"product-type-simple"},"aioseo_notices":[],"jetpack_sharing_enabled":true,"_links":{"self":[{"href":"https:\/\/mediendesign-moser.at\/shop\/index.php?rest_route=\/wp\/v2\/product\/21878","targetHints":{"allow":["GET"]}}],"collection":[{"href":"https:\/\/mediendesign-moser.at\/shop\/index.php?rest_route=\/wp\/v2\/product"}],"about":[{"href":"https:\/\/mediendesign-moser.at\/shop\/index.php?rest_route=\/wp\/v2\/types\/product"}],"replies":[{"embeddable":true,"href":"https:\/\/mediendesign-moser.at\/shop\/index.php?rest_route=%2Fwp%2Fv2%2Fcomments&post=21878"}],"wp:featuredmedia":[{"embeddable":true,"href":"https:\/\/mediendesign-moser.at\/shop\/index.php?rest_route=\/wp\/v2\/media\/21870"}],"wp:attachment":[{"href":"https:\/\/mediendesign-moser.at\/shop\/index.php?rest_route=%2Fwp%2Fv2%2Fmedia&parent=21878"}],"wp:term":[{"taxonomy":"product_cat","embeddable":true,"href":"https:\/\/mediendesign-moser.at\/shop\/index.php?rest_route=%2Fwp%2Fv2%2Fproduct_cat&post=21878"},{"taxonomy":"product_tag","embeddable":true,"href":"https:\/\/mediendesign-moser.at\/shop\/index.php?rest_route=%2Fwp%2Fv2%2Fproduct_tag&post=21878"}],"curies":[{"name":"wp","href":"https:\/\/api.w.org\/{rel}","templated":true}]}}