{"id":21807,"date":"2023-10-14T13:29:43","date_gmt":"2023-10-14T11:29:43","guid":{"rendered":"https:\/\/mediendesign-moser.at\/shop\/?post_type=product&#038;p=21807"},"modified":"2025-11-08T15:07:50","modified_gmt":"2025-11-08T14:07:50","slug":"download-schneide-datei-bastelbogen-polarfuchs-und-schneemann","status":"publish","type":"product","link":"https:\/\/mediendesign-moser.at\/shop\/?product=download-schneide-datei-bastelbogen-polarfuchs-und-schneemann","title":{"rendered":"Download: Schneide Datei \/ Bastelbogen Polarfuchs und Schneemann"},"content":{"rendered":"","protected":false},"excerpt":{"rendered":"<p>Schneide Dateien (.svg, .dxf) f\u00fcr den Zuschnitt von Polarfuchs und Schneemann<\/p>\n<p>Mit diesem Download k\u00f6nnen die Papierteile Polarfuchs und Schneemann geschnitten werden. Sie ben\u00f6tigen eine Schneidemaschine mit Schneidemattengr\u00f6\u00dfe von mindestens 8 x 12&#8243; (z.B. Silhouette Portrait, Silhouette Cameo, Brother ScanNCut, Cricut Maker etc.)<\/p>\n<p>Im Download sind enthalten:<\/p>\n<ul>\n<li>SVG-Dateien f\u00fcr die Verwendung mit folgenden Schneideger\u00e4ten:<br \/>\nCricut, Brother ScanNCut, Silhouette Ger\u00e4te<\/li>\n<li>DXF-Dateien<\/li>\n<li>Schneemann und Polarfuchs sind vorbereitet f\u00fcr die Verwendung der Druck und Schnitt-Funktion Ihres Plotters (Print\/Cut) &#8211; abh\u00e4ngig davon, ob Ihre Schneidemaschine \u00fcber eine Print\/Cut Funktion verf\u00fcgt (im Zweifelsfall bitte die Ger\u00e4tespezifikationen Ihrer Schneidemaschine nachlesen).<\/li>\n<li>Bastelbogen zum Ausdrucken f\u00fcr manuellen Zuschnitt.<\/li>\n<\/ul>\n<p>Dieses Projekt wurde mit folgenden Schneideger\u00e4ten getestet:<br \/>\nSilhouette Cameo, Cricut Maker, Brother ScanNCut.<br \/>\nInfos und Anleitungen zur Verwendung mit den jeweiligen Ger\u00e4ten <a href=\"https:\/\/mediendesign-moser.at\/shop\/?page_id=6409\" target=\"_blank\" rel=\"noopener\">finden Sie hier<\/a>.<\/p>\n<p>Beachten Sie unsere \u00a0<a href=\"https:\/\/mediendesign-moser.at\/shop\/?page_id=758\" target=\"_blank\" rel=\"noopener\">Lizenzbedingungen<\/a>\u00a0f\u00fcr downloadbare Produkte.<\/p>\n<p><img loading=\"lazy\" decoding=\"async\" class=\"alignnone wp-image-21800 size-full\" src=\"https:\/\/mediendesign-moser.at\/shop\/wp-content\/uploads\/2023\/10\/DL-SPTW710-snowman-polarfox.jpg\" alt=\"\" width=\"1280\" height=\"3000\" srcset=\"https:\/\/mediendesign-moser.at\/shop\/wp-content\/uploads\/2023\/10\/DL-SPTW710-snowman-polarfox.jpg 1280w, https:\/\/mediendesign-moser.at\/shop\/wp-content\/uploads\/2023\/10\/DL-SPTW710-snowman-polarfox-128x300.jpg 128w, https:\/\/mediendesign-moser.at\/shop\/wp-content\/uploads\/2023\/10\/DL-SPTW710-snowman-polarfox-768x1800.jpg 768w, https:\/\/mediendesign-moser.at\/shop\/wp-content\/uploads\/2023\/10\/DL-SPTW710-snowman-polarfox-437x1024.jpg 437w, https:\/\/mediendesign-moser.at\/shop\/wp-content\/uploads\/2023\/10\/DL-SPTW710-snowman-polarfox-600x1406.jpg 600w\" sizes=\"auto, (max-width: 1280px) 100vw, 1280px\" \/><\/p>\n","protected":false},"featured_media":21799,"comment_status":"open","ping_status":"closed","template":"","meta":{"om_disable_all_campaigns":false,"_monsterinsights_skip_tracking":false,"_monsterinsights_sitenote_active":false,"_monsterinsights_sitenote_note":"","_monsterinsights_sitenote_category":0},"product_cat":[1124,513,2078,944,789,263],"product_tag":[2201,1055,2091,38,1120,1644,1870,2200,541,1917,1235,2090,504,142,2203,2202,517,137],"class_list":{"0":"post-21807","1":"product","2":"type-product","3":"status-publish","4":"has-post-thumbnail","6":"product_cat-bastelboegen","7":"product_cat-schneidplotter-svg-und-pdf","8":"product_cat-landschaft","9":"product_cat-tiere-und-wildnis","10":"product_cat-weihnachten-schneidplotter-svg-und-pdf","11":"product_cat-downloadprodukte","12":"product_tag-arctic-fox","13":"product_tag-cricut","14":"product_tag-cutting-file","15":"product_tag-download","16":"product_tag-dxf","17":"product_tag-pazzles","18":"product_tag-plotterdatei","19":"product_tag-polarfuchs","20":"product_tag-scanncut","21":"product_tag-schnee","22":"product_tag-schneemann","23":"product_tag-schneidedatei","24":"product_tag-schneidplotter","25":"product_tag-schneidplotter-datei","26":"product_tag-snow","27":"product_tag-snowman","28":"product_tag-svg","29":"product_tag-winter","31":"first","32":"instock","33":"downloadable","34":"virtual","35":"purchasable","36":"product-type-simple"},"aioseo_notices":[],"jetpack_sharing_enabled":true,"_links":{"self":[{"href":"https:\/\/mediendesign-moser.at\/shop\/index.php?rest_route=\/wp\/v2\/product\/21807","targetHints":{"allow":["GET"]}}],"collection":[{"href":"https:\/\/mediendesign-moser.at\/shop\/index.php?rest_route=\/wp\/v2\/product"}],"about":[{"href":"https:\/\/mediendesign-moser.at\/shop\/index.php?rest_route=\/wp\/v2\/types\/product"}],"replies":[{"embeddable":true,"href":"https:\/\/mediendesign-moser.at\/shop\/index.php?rest_route=%2Fwp%2Fv2%2Fcomments&post=21807"}],"wp:featuredmedia":[{"embeddable":true,"href":"https:\/\/mediendesign-moser.at\/shop\/index.php?rest_route=\/wp\/v2\/media\/21799"}],"wp:attachment":[{"href":"https:\/\/mediendesign-moser.at\/shop\/index.php?rest_route=%2Fwp%2Fv2%2Fmedia&parent=21807"}],"wp:term":[{"taxonomy":"product_cat","embeddable":true,"href":"https:\/\/mediendesign-moser.at\/shop\/index.php?rest_route=%2Fwp%2Fv2%2Fproduct_cat&post=21807"},{"taxonomy":"product_tag","embeddable":true,"href":"https:\/\/mediendesign-moser.at\/shop\/index.php?rest_route=%2Fwp%2Fv2%2Fproduct_tag&post=21807"}],"curies":[{"name":"wp","href":"https:\/\/api.w.org\/{rel}","templated":true}]}}