{"id":20299,"date":"2023-05-17T18:36:57","date_gmt":"2023-05-17T16:36:57","guid":{"rendered":"https:\/\/mediendesign-moser.at\/shop\/?post_type=product&#038;p=20299"},"modified":"2024-12-08T16:26:17","modified_gmt":"2024-12-08T15:26:17","slug":"download-schneide-datei-bastelbogen-bruecke-und-baeume","status":"publish","type":"product","link":"https:\/\/mediendesign-moser.at\/shop\/?product=download-schneide-datei-bastelbogen-bruecke-und-baeume","title":{"rendered":"Download: Schneide Datei \/ Bastelbogen Br\u00fccke und B\u00e4ume"},"content":{"rendered":"","protected":false},"excerpt":{"rendered":"<p>Schneide Dateien (.svg, .dxf) f\u00fcr den Zuschnitt einer kleinen Br\u00fccke und einer Explosionsboxen-Bodenfl\u00e4che mit B\u00e4umen<br \/>\nPassend sowohl f\u00fcr eine Explosionsbox in <a href=\"https:\/\/mediendesign-moser.at\/shop\/?product=download-schneide-datei-bastelbogen-explosionsbox-in-standardgroesse\" target=\"_blank\" rel=\"noopener\">Standardgr\u00f6\u00dfe<\/a>, \u00a0(4x4x4&#8243;), als auch f\u00fcr Explosionsbox in <a href=\"https:\/\/mediendesign-moser.at\/shop\/?product=download-schneide-datei-bastelbogen-explosionsbox-in-einer-uebergroesse-von-5x5x4\" target=\"_blank\" rel=\"noopener\">\u00dcbergr\u00f6\u00dfe<\/a> (5x5x4&#8243;) sowie in Explosionsbox <a href=\"https:\/\/mediendesign-moser.at\/shop\/?product=download-schneide-datei-bastelbogen-explosionsbox-doppelte-breite\" target=\"_blank\" rel=\"noopener\">doppelte Breite<\/a> (4x8x4&#8243;).<\/p>\n<p>Mit diesem Download k\u00f6nnen die Papierteile f\u00fcr die Br\u00fccke und B\u00e4ume (samt Bodenfl\u00e4che) geschnitten werden. Sie ben\u00f6tigen eine Schneidemaschine mit Schneidemattengr\u00f6\u00dfe von mindestens 8 x 12&#8243; (z.B. Silhouette Portrait, Silhouette Cameo, Brother ScanNCut, Cricut Maker etc.)<\/p>\n<p>Im Download sind enthalten:<\/p>\n<ul>\n<li>SVG-Dateien f\u00fcr die Verwendung mit folgenden Schneideger\u00e4ten:<br \/>\nCricut, Brother ScanNCut, Silhouette Ger\u00e4te<\/li>\n<li>DXF-Dateien<\/li>\n<li>Bastelbogen zum Ausdrucken f\u00fcr manuellen Zuschnitt.<\/li>\n<\/ul>\n<p>Dieses Projekt wurde mit folgenden Schneideger\u00e4ten getestet:<br \/>\nSilhouette Cameo, Cricut Maker, Brother ScanNCut.<br \/>\nInfos und Anleitungen zur Verwendung mit den jeweiligen Ger\u00e4ten <a href=\"https:\/\/mediendesign-moser.at\/shop\/?page_id=6409\" target=\"_blank\" rel=\"noopener\">finden Sie hier<\/a>.<\/p>\n<p>Beachten Sie unsere \u00a0<a href=\"https:\/\/mediendesign-moser.at\/shop\/?page_id=758\" target=\"_blank\" rel=\"noopener\">Lizenzbedingungen<\/a>\u00a0f\u00fcr downloadbare Produkte.<\/p>\n<p><a href=\"https:\/\/mediendesign-moser.at\/shop\/wp-content\/uploads\/2023\/05\/DL-SPGL810-bridge-trees.jpg\"><img loading=\"lazy\" decoding=\"async\" class=\"alignnone size-full wp-image-20300\" src=\"https:\/\/mediendesign-moser.at\/shop\/wp-content\/uploads\/2023\/05\/DL-SPGL810-bridge-trees.jpg\" alt=\"\" width=\"620\" height=\"2272\" srcset=\"https:\/\/mediendesign-moser.at\/shop\/wp-content\/uploads\/2023\/05\/DL-SPGL810-bridge-trees.jpg 620w, https:\/\/mediendesign-moser.at\/shop\/wp-content\/uploads\/2023\/05\/DL-SPGL810-bridge-trees-82x300.jpg 82w, https:\/\/mediendesign-moser.at\/shop\/wp-content\/uploads\/2023\/05\/DL-SPGL810-bridge-trees-600x2199.jpg 600w\" sizes=\"auto, (max-width: 620px) 100vw, 620px\" \/><\/a><\/p>\n","protected":false},"featured_media":20292,"comment_status":"open","ping_status":"closed","template":"","meta":{"om_disable_all_campaigns":false,"_monsterinsights_skip_tracking":false,"_monsterinsights_sitenote_active":false,"_monsterinsights_sitenote_note":"","_monsterinsights_sitenote_category":0},"product_cat":[1124,513,800,2078,263],"product_tag":[2165,2164,1055,2091,38,1120,1525,1644,1870,541,2090,504,142,517],"class_list":{"0":"post-20299","1":"product","2":"type-product","3":"status-publish","4":"has-post-thumbnail","6":"product_cat-bastelboegen","7":"product_cat-schneidplotter-svg-und-pdf","8":"product_cat-garten-schneidplotter-svg-und-pdf","9":"product_cat-landschaft","10":"product_cat-downloadprodukte","11":"product_tag-asian","12":"product_tag-asiatisch","13":"product_tag-cricut","14":"product_tag-cutting-file","15":"product_tag-download","16":"product_tag-dxf","17":"product_tag-japan","18":"product_tag-pazzles","19":"product_tag-plotterdatei","20":"product_tag-scanncut","21":"product_tag-schneidedatei","22":"product_tag-schneidplotter","23":"product_tag-schneidplotter-datei","24":"product_tag-svg","26":"first","27":"instock","28":"downloadable","29":"virtual","30":"purchasable","31":"product-type-simple"},"aioseo_notices":[],"jetpack_sharing_enabled":true,"_links":{"self":[{"href":"https:\/\/mediendesign-moser.at\/shop\/index.php?rest_route=\/wp\/v2\/product\/20299","targetHints":{"allow":["GET"]}}],"collection":[{"href":"https:\/\/mediendesign-moser.at\/shop\/index.php?rest_route=\/wp\/v2\/product"}],"about":[{"href":"https:\/\/mediendesign-moser.at\/shop\/index.php?rest_route=\/wp\/v2\/types\/product"}],"replies":[{"embeddable":true,"href":"https:\/\/mediendesign-moser.at\/shop\/index.php?rest_route=%2Fwp%2Fv2%2Fcomments&post=20299"}],"wp:featuredmedia":[{"embeddable":true,"href":"https:\/\/mediendesign-moser.at\/shop\/index.php?rest_route=\/wp\/v2\/media\/20292"}],"wp:attachment":[{"href":"https:\/\/mediendesign-moser.at\/shop\/index.php?rest_route=%2Fwp%2Fv2%2Fmedia&parent=20299"}],"wp:term":[{"taxonomy":"product_cat","embeddable":true,"href":"https:\/\/mediendesign-moser.at\/shop\/index.php?rest_route=%2Fwp%2Fv2%2Fproduct_cat&post=20299"},{"taxonomy":"product_tag","embeddable":true,"href":"https:\/\/mediendesign-moser.at\/shop\/index.php?rest_route=%2Fwp%2Fv2%2Fproduct_tag&post=20299"}],"curies":[{"name":"wp","href":"https:\/\/api.w.org\/{rel}","templated":true}]}}