{"id":20187,"date":"2023-05-10T19:01:24","date_gmt":"2023-05-10T17:01:24","guid":{"rendered":"https:\/\/mediendesign-moser.at\/shop\/?post_type=product&#038;p=20187"},"modified":"2024-12-08T16:12:16","modified_gmt":"2024-12-08T15:12:16","slug":"explosionsbox-japan","status":"publish","type":"product","link":"https:\/\/mediendesign-moser.at\/shop\/?product=explosionsbox-japan","title":{"rendered":"Explosionsbox Japan"},"content":{"rendered":"","protected":false},"excerpt":{"rendered":"<div class=\"woocommerce-product-details__short-description\">\n<p>Handgemachte Explosionsbox, passend f\u00fcr eine Reise nach Japan oder Asien.<br \/>\nZentrale Motive: Pagode, Br\u00fccke, Geisha, Bl\u00fcten<br \/>\nGr\u00f6\u00dfe der Box: ca. 12,5 x 12,5 cm; H\u00f6he der Box: ca. 10,2 cm<\/p>\n<p>Nicht lieferbar, da wir unsere Explosionsboxen-Angebote eingestellt haben.<\/p>\n<\/div>\n","protected":false},"featured_media":20185,"comment_status":"closed","ping_status":"closed","template":"","meta":{"om_disable_all_campaigns":false,"_monsterinsights_skip_tracking":false,"_monsterinsights_sitenote_active":false,"_monsterinsights_sitenote_note":"","_monsterinsights_sitenote_category":0},"product_cat":[98,49],"product_tag":[2169,2167,51,1789,64,2171,165,1525,2162,99,2170,353],"class_list":{"0":"post-20187","1":"product","2":"type-product","3":"status-publish","4":"has-post-thumbnail","6":"product_cat-reise","7":"product_cat-explosionsboxen","8":"product_tag-asien","9":"product_tag-asien-reise","10":"product_tag-explosionsbox","11":"product_tag-fernost","12":"product_tag-geburtstag","13":"product_tag-geisha","14":"product_tag-geschenkbox","15":"product_tag-japan","16":"product_tag-pagode","17":"product_tag-reise","18":"product_tag-tokio","19":"product_tag-verpackung","20":"product_shipping_class-gebo","22":"first","23":"instock","24":"product-type-external"},"aioseo_notices":[],"jetpack_sharing_enabled":true,"_links":{"self":[{"href":"https:\/\/mediendesign-moser.at\/shop\/index.php?rest_route=\/wp\/v2\/product\/20187","targetHints":{"allow":["GET"]}}],"collection":[{"href":"https:\/\/mediendesign-moser.at\/shop\/index.php?rest_route=\/wp\/v2\/product"}],"about":[{"href":"https:\/\/mediendesign-moser.at\/shop\/index.php?rest_route=\/wp\/v2\/types\/product"}],"replies":[{"embeddable":true,"href":"https:\/\/mediendesign-moser.at\/shop\/index.php?rest_route=%2Fwp%2Fv2%2Fcomments&post=20187"}],"wp:featuredmedia":[{"embeddable":true,"href":"https:\/\/mediendesign-moser.at\/shop\/index.php?rest_route=\/wp\/v2\/media\/20185"}],"wp:attachment":[{"href":"https:\/\/mediendesign-moser.at\/shop\/index.php?rest_route=%2Fwp%2Fv2%2Fmedia&parent=20187"}],"wp:term":[{"taxonomy":"product_cat","embeddable":true,"href":"https:\/\/mediendesign-moser.at\/shop\/index.php?rest_route=%2Fwp%2Fv2%2Fproduct_cat&post=20187"},{"taxonomy":"product_tag","embeddable":true,"href":"https:\/\/mediendesign-moser.at\/shop\/index.php?rest_route=%2Fwp%2Fv2%2Fproduct_tag&post=20187"}],"curies":[{"name":"wp","href":"https:\/\/api.w.org\/{rel}","templated":true}]}}