{"id":19076,"date":"2023-02-08T13:48:33","date_gmt":"2023-02-08T12:48:33","guid":{"rendered":"https:\/\/mediendesign-moser.at\/shop\/?post_type=product&#038;p=19076"},"modified":"2023-10-14T14:10:44","modified_gmt":"2023-10-14T12:10:44","slug":"download-schneide-datei-bastelbogen-palmen-panorama","status":"publish","type":"product","link":"https:\/\/mediendesign-moser.at\/shop\/?product=download-schneide-datei-bastelbogen-palmen-panorama","title":{"rendered":"Download: Schneide Datei \/ Bastelbogen &#8211; Palmen Panorama"},"content":{"rendered":"","protected":false},"excerpt":{"rendered":"<p>Schneide Datei (.svg, .dxf) f\u00fcr den Zuschnitt einer Palmen Landschaft<br \/>\nEs sind 2 Gr\u00f6\u00dfen enthalten:<br \/>\nGr\u00f6\u00dfe f\u00fcr Seitenwand Standard Box: 9,2 x 9,2 cm;<br \/>\nGr\u00f6\u00dfe f\u00fcr Seitenwand Box doppelte Breite: 19,5 x 9,2 cm<\/p>\n<p>Mit dieser Landschaft k\u00f6nnen Sie die Seitenw\u00e4nde einer\u00a0<a href=\"https:\/\/mediendesign-moser.at\/shop\/?product=download-schneide-datei-bastelbogen-explosionsbox-in-standardgroesse\" target=\"_blank\" rel=\"noopener\">Explosionsbox mit Standardgr\u00f6\u00dfe<\/a> (ca. 10 cm Seitenkantenl\u00e4nge) und\/oder die Seitenw\u00e4nde einer <a href=\"https:\/\/mediendesign-moser.at\/shop\/?product=download-schneide-datei-bastelbogen-explosionsbox-doppelte-breite\" target=\"_blank\" rel=\"noopener\">Explosionsbox in doppelter Breite<\/a> (ca. 10 x 20 x 10 cm) dekorieren.<\/p>\n<p>Im Download sind enthalten:<\/p>\n<ul>\n<li>SVG-Dateien f\u00fcr die Verwendung mit folgenden Schneideger\u00e4ten:<br \/>\nCricut, Brother ScanNCut, oder Silhouette-Ger\u00e4te<\/li>\n<li>DXF-Dateien<\/li>\n<li>Bastelbogen zum Ausdrucken f\u00fcr manuellen Zuschnitt.<\/li>\n<\/ul>\n<p>Dieses Projekt wurde mit folgenden Schneideger\u00e4ten getestet:<br \/>\nSilhouette Cameo, Cricut Maker, Brother ScanNCut.<br \/>\nInfos und Anleitungen zur Verwendung mit den jeweiligen Ger\u00e4ten <a href=\"https:\/\/mediendesign-moser.at\/shop\/?page_id=6409\" target=\"_blank\" rel=\"noopener\">finden Sie hier<\/a>.<\/p>\n<p>Beachten Sie unsere \u00a0<a href=\"https:\/\/mediendesign-moser.at\/shop\/?page_id=758\" target=\"_blank\" rel=\"noopener\">Lizenzbedingungen<\/a>\u00a0f\u00fcr downloadbare Produkte.<\/p>\n<p><a href=\"https:\/\/mediendesign-moser.at\/shop\/wp-content\/uploads\/2023\/02\/DL-SPLAN050.jpg\"><img loading=\"lazy\" decoding=\"async\" class=\"alignnone size-full wp-image-19075\" src=\"https:\/\/mediendesign-moser.at\/shop\/wp-content\/uploads\/2023\/02\/DL-SPLAN050.jpg\" alt=\"\" width=\"620\" height=\"998\" srcset=\"https:\/\/mediendesign-moser.at\/shop\/wp-content\/uploads\/2023\/02\/DL-SPLAN050.jpg 620w, https:\/\/mediendesign-moser.at\/shop\/wp-content\/uploads\/2023\/02\/DL-SPLAN050-186x300.jpg 186w, https:\/\/mediendesign-moser.at\/shop\/wp-content\/uploads\/2023\/02\/DL-SPLAN050-600x966.jpg 600w\" sizes=\"auto, (max-width: 620px) 100vw, 620px\" \/><\/a><\/p>\n","protected":false},"featured_media":19068,"comment_status":"open","ping_status":"closed","template":"","meta":{"om_disable_all_campaigns":false,"_monsterinsights_skip_tracking":false,"_monsterinsights_sitenote_active":false,"_monsterinsights_sitenote_note":"","_monsterinsights_sitenote_category":0},"product_cat":[1124,513,2078,851,263],"product_tag":[1055,38,1120,750,611,753,2141,2142,1644,518,541,504,142,106,517],"class_list":{"0":"post-19076","1":"product","2":"type-product","3":"status-publish","4":"has-post-thumbnail","6":"product_cat-bastelboegen","7":"product_cat-schneidplotter-svg-und-pdf","8":"product_cat-landschaft","9":"product_cat-urlaub","10":"product_cat-downloadprodukte","11":"product_tag-cricut","12":"product_tag-download","13":"product_tag-dxf","14":"product_tag-insel","15":"product_tag-landschaft","16":"product_tag-palmen","17":"product_tag-palmen-panorama","18":"product_tag-palmenstrand","19":"product_tag-pazzles","20":"product_tag-pdf","21":"product_tag-scanncut","22":"product_tag-schneidplotter","23":"product_tag-schneidplotter-datei","24":"product_tag-strand","25":"product_tag-svg","27":"first","28":"instock","29":"downloadable","30":"virtual","31":"purchasable","32":"product-type-simple"},"aioseo_notices":[],"jetpack_sharing_enabled":true,"_links":{"self":[{"href":"https:\/\/mediendesign-moser.at\/shop\/index.php?rest_route=\/wp\/v2\/product\/19076","targetHints":{"allow":["GET"]}}],"collection":[{"href":"https:\/\/mediendesign-moser.at\/shop\/index.php?rest_route=\/wp\/v2\/product"}],"about":[{"href":"https:\/\/mediendesign-moser.at\/shop\/index.php?rest_route=\/wp\/v2\/types\/product"}],"replies":[{"embeddable":true,"href":"https:\/\/mediendesign-moser.at\/shop\/index.php?rest_route=%2Fwp%2Fv2%2Fcomments&post=19076"}],"wp:featuredmedia":[{"embeddable":true,"href":"https:\/\/mediendesign-moser.at\/shop\/index.php?rest_route=\/wp\/v2\/media\/19068"}],"wp:attachment":[{"href":"https:\/\/mediendesign-moser.at\/shop\/index.php?rest_route=%2Fwp%2Fv2%2Fmedia&parent=19076"}],"wp:term":[{"taxonomy":"product_cat","embeddable":true,"href":"https:\/\/mediendesign-moser.at\/shop\/index.php?rest_route=%2Fwp%2Fv2%2Fproduct_cat&post=19076"},{"taxonomy":"product_tag","embeddable":true,"href":"https:\/\/mediendesign-moser.at\/shop\/index.php?rest_route=%2Fwp%2Fv2%2Fproduct_tag&post=19076"}],"curies":[{"name":"wp","href":"https:\/\/api.w.org\/{rel}","templated":true}]}}