{"id":17713,"date":"2022-10-13T15:46:19","date_gmt":"2022-10-13T13:46:19","guid":{"rendered":"https:\/\/mediendesign-moser.at\/shop\/?post_type=product&#038;p=17713"},"modified":"2023-03-10T12:18:55","modified_gmt":"2023-03-10T11:18:55","slug":"download-schneide-datei-text-frohe-weihnachten","status":"publish","type":"product","link":"https:\/\/mediendesign-moser.at\/shop\/?product=download-schneide-datei-text-frohe-weihnachten","title":{"rendered":"Download: Schneide Datei &#8220;Weihnachtstext&#8221;"},"content":{"rendered":"","protected":false},"excerpt":{"rendered":"<h4><a href=\"https:\/\/mediendesign-moser.at\/shop\/?page_id=8163\" target=\"_blank\" rel=\"noopener\">Dieses Produkt bei Erreichen der Stammkundenvoraussetzungen\u00a0gratis!<\/a><\/h4>\n<p>Schneide Datei (.svg, .dxf, png) f\u00fcr den Zuschnitt des Textes &#8220;Frohe Weihnachten&#8221;<br \/>\nEs sind 2 Verwendungsm\u00f6glichkeiten enthalten:<\/p>\n<ul>\n<li>Zuschnitt mit Vinylfolie (bitte ein entsprechendes selbsklebendes Folienmaterial verwenden<\/li>\n<li>Verwenden der Drucken- und Schneidefunktion Ihrer Schneidemaschine<\/li>\n<\/ul>\n<p>Die Gr\u00f6\u00dfe dieses Schriftzuges ist ideal aufbereitet f\u00fcr den Deckel von <a href=\"https:\/\/mediendesign-moser.at\/shop\/?product=download-schneide-datei-bastelbogen-explosionsbox-in-standardgroesse\" target=\"_blank\" rel=\"noopener\">Explosionsboxen in Standardgr\u00f6\u00dfe<\/a> (ca. 10 x 10 cm).<\/p>\n<p>Im Download sind enthalten:<\/p>\n<ul>\n<li>SVG-Dateien f\u00fcr die Verwendung mit folgenden Schneideger\u00e4ten:<br \/>\nCricut, Brother ScanNCut, oder Silhouette-Ger\u00e4te<\/li>\n<li>DXF-Dateien<\/li>\n<li>SVG Datei mit Entgitterungslinien f\u00fcr die Verwendung von Vinylfolie.<\/li>\n<\/ul>\n<p>Dieses Projekt wurde mit folgenden Schneideger\u00e4ten getestet:<br \/>\nSilhouette Cameo, Cricut Maker, Brother ScanNCut.<br \/>\nInfos und Anleitungen zur Verwendung mit den jeweiligen Ger\u00e4ten <a href=\"https:\/\/mediendesign-moser.at\/shop\/?page_id=6409\" target=\"_blank\" rel=\"noopener\">finden Sie hier<\/a>.<\/p>\n<p>Eine allgemeine Anleitung, f\u00fcr den Fall dass Sie Vinylfolie verwenden m\u00f6chten,\u00a0<a href=\"https:\/\/mediendesign-moser.at\/shop\/?page_id=13813\" target=\"_blank\" rel=\"noopener\">finden Sie hier<\/a>.<\/p>\n<p>Beachten Sie unsere \u00a0<a href=\"https:\/\/mediendesign-moser.at\/shop\/?page_id=758\" target=\"_blank\" rel=\"noopener\">Lizenzbedingungen<\/a>\u00a0f\u00fcr downloadbare Produkte.<\/p>\n","protected":false},"featured_media":17706,"comment_status":"open","ping_status":"closed","template":"","meta":{"om_disable_all_campaigns":false,"_monsterinsights_skip_tracking":false,"_monsterinsights_sitenote_active":false,"_monsterinsights_sitenote_note":"","_monsterinsights_sitenote_category":0},"product_cat":[513,2123,789,263],"product_tag":[1055,38,1120,2125,1644,518,541,504,142,517,2124,129],"class_list":{"0":"post-17713","1":"product","2":"type-product","3":"status-publish","4":"has-post-thumbnail","6":"product_cat-schneidplotter-svg-und-pdf","7":"product_cat-text","8":"product_cat-weihnachten-schneidplotter-svg-und-pdf","9":"product_cat-downloadprodukte","10":"product_tag-cricut","11":"product_tag-download","12":"product_tag-dxf","13":"product_tag-frohe-weihnachten","14":"product_tag-pazzles","15":"product_tag-pdf","16":"product_tag-scanncut","17":"product_tag-schneidplotter","18":"product_tag-schneidplotter-datei","19":"product_tag-svg","20":"product_tag-text","21":"product_tag-weihnachten","23":"first","24":"instock","25":"downloadable","26":"virtual","27":"purchasable","28":"product-type-simple"},"aioseo_notices":[],"jetpack_sharing_enabled":true,"_links":{"self":[{"href":"https:\/\/mediendesign-moser.at\/shop\/index.php?rest_route=\/wp\/v2\/product\/17713","targetHints":{"allow":["GET"]}}],"collection":[{"href":"https:\/\/mediendesign-moser.at\/shop\/index.php?rest_route=\/wp\/v2\/product"}],"about":[{"href":"https:\/\/mediendesign-moser.at\/shop\/index.php?rest_route=\/wp\/v2\/types\/product"}],"replies":[{"embeddable":true,"href":"https:\/\/mediendesign-moser.at\/shop\/index.php?rest_route=%2Fwp%2Fv2%2Fcomments&post=17713"}],"wp:featuredmedia":[{"embeddable":true,"href":"https:\/\/mediendesign-moser.at\/shop\/index.php?rest_route=\/wp\/v2\/media\/17706"}],"wp:attachment":[{"href":"https:\/\/mediendesign-moser.at\/shop\/index.php?rest_route=%2Fwp%2Fv2%2Fmedia&parent=17713"}],"wp:term":[{"taxonomy":"product_cat","embeddable":true,"href":"https:\/\/mediendesign-moser.at\/shop\/index.php?rest_route=%2Fwp%2Fv2%2Fproduct_cat&post=17713"},{"taxonomy":"product_tag","embeddable":true,"href":"https:\/\/mediendesign-moser.at\/shop\/index.php?rest_route=%2Fwp%2Fv2%2Fproduct_tag&post=17713"}],"curies":[{"name":"wp","href":"https:\/\/api.w.org\/{rel}","templated":true}]}}