{"id":16394,"date":"2022-07-12T10:21:31","date_gmt":"2022-07-12T08:21:31","guid":{"rendered":"https:\/\/mediendesign-moser.at\/shop\/?post_type=product&#038;p=16394"},"modified":"2022-10-12T12:19:38","modified_gmt":"2022-10-12T10:19:38","slug":"download-schneide-datei-bastelbogen-bueromoebel","status":"publish","type":"product","link":"https:\/\/mediendesign-moser.at\/shop\/?product=download-schneide-datei-bastelbogen-bueromoebel","title":{"rendered":"Download: Schneide Datei \/ Bastelbogen B\u00fcrom\u00f6bel"},"content":{"rendered":"","protected":false},"excerpt":{"rendered":"<p>Schneide Datei (.svg, .dxf) f\u00fcr den Zuschnitt von B\u00fcrom\u00f6beln<br \/>\nGr\u00f6\u00dfe der fertigen M\u00f6bel<br \/>\n&#8211; Schreibtisch: ca. 8,5 cm L\u00e4nge x 4 cm Breite x 5 cm H\u00f6he.<br \/>\n&#8211; B\u00fcrostuhl: L\u00e4nge x Breite ca. 4,5 x 4 cm; H\u00f6he ca. 7 cm<\/p>\n<p>Mit diesem Download k\u00f6nnen die Papierteile f\u00fcr die B\u00fcrom\u00f6bel und Accessoires geschnitten werden.<\/p>\n<p>Die M\u00f6bel passen in eine Explosionsbox mit ca. 10 cm Seitenkantenl\u00e4nge hinein.<\/p>\n<p>Im Download sind enthalten:<\/p>\n<ul>\n<li>SVG-Dateien f\u00fcr die Verwendung mit folgenden Schneideger\u00e4ten:<br \/>\nCricut, Brother ScanNCut, oder Silhouette-Ger\u00e4te<\/li>\n<li>DXF-Dateien<\/li>\n<li>Bastelbogen zum Ausdrucken f\u00fcr manuellen Zuschnitt.<\/li>\n<\/ul>\n<p>Dieses Projekt wurde mit folgenden Schneideger\u00e4ten getestet:<br \/>\nSilhouette Cameo, Cricut Maker, Brother ScanNCut.<br \/>\nInfos und Anleitungen zur Verwendung mit den jeweiligen Ger\u00e4ten <a href=\"https:\/\/mediendesign-moser.at\/shop\/?page_id=6409\" target=\"_blank\" rel=\"noopener\">finden Sie hier<\/a>.<\/p>\n<p>Beachten Sie unsere \u00a0<a href=\"https:\/\/mediendesign-moser.at\/shop\/?page_id=758\" target=\"_blank\" rel=\"noopener\">Lizenzbedingungen<\/a>\u00a0f\u00fcr downloadbare Produkte.<\/p>\n<p><a href=\"https:\/\/mediendesign-moser.at\/shop\/wp-content\/uploads\/2022\/07\/DL-SPMB041-office-desk-and-chair.jpg\"><img loading=\"lazy\" decoding=\"async\" class=\"alignnone size-full wp-image-16388\" src=\"https:\/\/mediendesign-moser.at\/shop\/wp-content\/uploads\/2022\/07\/DL-SPMB041-office-desk-and-chair.jpg\" alt=\"\" width=\"620\" height=\"2180\" srcset=\"https:\/\/mediendesign-moser.at\/shop\/wp-content\/uploads\/2022\/07\/DL-SPMB041-office-desk-and-chair.jpg 620w, https:\/\/mediendesign-moser.at\/shop\/wp-content\/uploads\/2022\/07\/DL-SPMB041-office-desk-and-chair-85x300.jpg 85w, https:\/\/mediendesign-moser.at\/shop\/wp-content\/uploads\/2022\/07\/DL-SPMB041-office-desk-and-chair-291x1024.jpg 291w, https:\/\/mediendesign-moser.at\/shop\/wp-content\/uploads\/2022\/07\/DL-SPMB041-office-desk-and-chair-600x2110.jpg 600w\" sizes=\"auto, (max-width: 620px) 100vw, 620px\" \/><\/a><\/p>\n<p>&nbsp;<\/p>\n","protected":false},"featured_media":16387,"comment_status":"open","ping_status":"closed","template":"","meta":{"om_disable_all_campaigns":false,"_monsterinsights_skip_tracking":false,"_monsterinsights_sitenote_active":false,"_monsterinsights_sitenote_note":"","_monsterinsights_sitenote_category":0},"product_cat":[1124,513,861,807,263],"product_tag":[728,2084,2083,2082,1055,38,1120,2081,1644,518,541,504,142,727,517],"class_list":{"0":"post-16394","1":"product","2":"type-product","3":"status-publish","4":"has-post-thumbnail","6":"product_cat-bastelboegen","7":"product_cat-schneidplotter-svg-und-pdf","8":"product_cat-hobby-und-beruf","9":"product_cat-moebel-u-einrichtung-schneidplotter-svg-und-pdf","10":"product_cat-downloadprodukte","11":"product_tag-buero","12":"product_tag-buero-einrichtung","13":"product_tag-buerosessel","14":"product_tag-buerostuhl","15":"product_tag-cricut","16":"product_tag-download","17":"product_tag-dxf","18":"product_tag-office","19":"product_tag-pazzles","20":"product_tag-pdf","21":"product_tag-scanncut","22":"product_tag-schneidplotter","23":"product_tag-schneidplotter-datei","24":"product_tag-schreibtisch","25":"product_tag-svg","27":"first","28":"instock","29":"downloadable","30":"virtual","31":"purchasable","32":"product-type-simple"},"aioseo_notices":[],"jetpack_sharing_enabled":true,"_links":{"self":[{"href":"https:\/\/mediendesign-moser.at\/shop\/index.php?rest_route=\/wp\/v2\/product\/16394","targetHints":{"allow":["GET"]}}],"collection":[{"href":"https:\/\/mediendesign-moser.at\/shop\/index.php?rest_route=\/wp\/v2\/product"}],"about":[{"href":"https:\/\/mediendesign-moser.at\/shop\/index.php?rest_route=\/wp\/v2\/types\/product"}],"replies":[{"embeddable":true,"href":"https:\/\/mediendesign-moser.at\/shop\/index.php?rest_route=%2Fwp%2Fv2%2Fcomments&post=16394"}],"wp:featuredmedia":[{"embeddable":true,"href":"https:\/\/mediendesign-moser.at\/shop\/index.php?rest_route=\/wp\/v2\/media\/16387"}],"wp:attachment":[{"href":"https:\/\/mediendesign-moser.at\/shop\/index.php?rest_route=%2Fwp%2Fv2%2Fmedia&parent=16394"}],"wp:term":[{"taxonomy":"product_cat","embeddable":true,"href":"https:\/\/mediendesign-moser.at\/shop\/index.php?rest_route=%2Fwp%2Fv2%2Fproduct_cat&post=16394"},{"taxonomy":"product_tag","embeddable":true,"href":"https:\/\/mediendesign-moser.at\/shop\/index.php?rest_route=%2Fwp%2Fv2%2Fproduct_tag&post=16394"}],"curies":[{"name":"wp","href":"https:\/\/api.w.org\/{rel}","templated":true}]}}