{"id":15568,"date":"2022-05-11T18:23:10","date_gmt":"2022-05-11T16:23:10","guid":{"rendered":"https:\/\/mediendesign-moser.at\/shop\/?post_type=product&#038;p=15568"},"modified":"2022-08-02T14:08:31","modified_gmt":"2022-08-02T12:08:31","slug":"download-schneide-datei-bastelbogen-brillenstaender","status":"publish","type":"product","link":"https:\/\/mediendesign-moser.at\/shop\/?product=download-schneide-datei-bastelbogen-brillenstaender","title":{"rendered":"Download: Schneide Datei \/ Bastelbogen Brillenst\u00e4nder"},"content":{"rendered":"","protected":false},"excerpt":{"rendered":"<p>Schneide Datei (.svg, .dxf) f\u00fcr den Zuschnitt eines Brillenst\u00e4nders.<br \/>\nGr\u00f6\u00dfe des fertigen St\u00e4nders: ca. 5 cm Breite, 9 cm H\u00f6he, 2,7 cm Tiefe<\/p>\n<p>Dieser Brillenst\u00e4nder passt ideal in eine Explosionsbox mit Standardgr\u00f6\u00dfe (ca. 10 cm Seitenkantenl\u00e4nge) hinein.<\/p>\n<p>Mit diesem Download k\u00f6nnen die Papierteile f\u00fcr Brillen und den Brillenst\u00e4nder geschnitten werden.<\/p>\n<p>Im Download sind enthalten:<\/p>\n<ul>\n<li>SVG-Dateien f\u00fcr die Verwendung mit folgenden Schneideger\u00e4ten:<br \/>\nCricut, Brother ScanNCut, oder Silhouette-Ger\u00e4te<\/li>\n<li>DXF-Dateien<\/li>\n<li>Bastelbogen zum Ausdrucken f\u00fcr manuellen Zuschnitt.<\/li>\n<\/ul>\n<p>Dieses Projekt wurde mit folgenden Schneideger\u00e4ten getestet:<br \/>\nSilhouette Cameo, Cricut Maker, Brother ScanNCut.<br \/>\nInfos und Anleitungen zur Verwendung mit den jeweiligen Ger\u00e4ten <a href=\"https:\/\/mediendesign-moser.at\/shop\/?page_id=6409\" target=\"_blank\" rel=\"noopener\">finden Sie hier<\/a>.<\/p>\n<p>Beachten Sie unsere \u00a0<a href=\"https:\/\/mediendesign-moser.at\/shop\/?page_id=758\" target=\"_blank\" rel=\"noopener\">Lizenzbedingungen<\/a>\u00a0f\u00fcr downloadbare Produkte.<\/p>\n<p><a href=\"https:\/\/mediendesign-moser.at\/shop\/wp-content\/uploads\/2022\/05\/DL-SPMD145-glasses-stand.jpg\"><img loading=\"lazy\" decoding=\"async\" class=\"alignnone size-full wp-image-15565\" src=\"https:\/\/mediendesign-moser.at\/shop\/wp-content\/uploads\/2022\/05\/DL-SPMD145-glasses-stand.jpg\" alt=\"\" width=\"620\" height=\"1894\" srcset=\"https:\/\/mediendesign-moser.at\/shop\/wp-content\/uploads\/2022\/05\/DL-SPMD145-glasses-stand.jpg 620w, https:\/\/mediendesign-moser.at\/shop\/wp-content\/uploads\/2022\/05\/DL-SPMD145-glasses-stand-98x300.jpg 98w, https:\/\/mediendesign-moser.at\/shop\/wp-content\/uploads\/2022\/05\/DL-SPMD145-glasses-stand-335x1024.jpg 335w, https:\/\/mediendesign-moser.at\/shop\/wp-content\/uploads\/2022\/05\/DL-SPMD145-glasses-stand-600x1833.jpg 600w\" sizes=\"auto, (max-width: 620px) 100vw, 620px\" \/><\/a><\/p>\n<p>&nbsp;<\/p>\n","protected":false},"featured_media":15557,"comment_status":"open","ping_status":"closed","template":"","meta":{"om_disable_all_campaigns":false,"_monsterinsights_skip_tracking":false,"_monsterinsights_sitenote_active":false,"_monsterinsights_sitenote_note":"","_monsterinsights_sitenote_category":0},"product_cat":[1124,513,812,898,263],"product_tag":[2055,1213,2052,2053,1055,38,1120,2057,73,2054,1644,518,541,504,142,2056,517],"class_list":{"0":"post-15568","1":"product","2":"type-product","3":"status-publish","4":"has-post-thumbnail","6":"product_cat-bastelboegen","7":"product_cat-schneidplotter-svg-und-pdf","8":"product_cat-kleidung","9":"product_cat-mode-und-schoenheit","10":"product_cat-downloadprodukte","11":"product_tag-augen","12":"product_tag-brille","13":"product_tag-brillen","14":"product_tag-brillenstaender","15":"product_tag-cricut","16":"product_tag-download","17":"product_tag-dxf","18":"product_tag-glasses","19":"product_tag-mode","20":"product_tag-optiker","21":"product_tag-pazzles","22":"product_tag-pdf","23":"product_tag-scanncut","24":"product_tag-schneidplotter","25":"product_tag-schneidplotter-datei","26":"product_tag-sonnenbrille","27":"product_tag-svg","29":"first","30":"instock","31":"downloadable","32":"virtual","33":"purchasable","34":"product-type-simple"},"aioseo_notices":[],"jetpack_sharing_enabled":true,"_links":{"self":[{"href":"https:\/\/mediendesign-moser.at\/shop\/index.php?rest_route=\/wp\/v2\/product\/15568","targetHints":{"allow":["GET"]}}],"collection":[{"href":"https:\/\/mediendesign-moser.at\/shop\/index.php?rest_route=\/wp\/v2\/product"}],"about":[{"href":"https:\/\/mediendesign-moser.at\/shop\/index.php?rest_route=\/wp\/v2\/types\/product"}],"replies":[{"embeddable":true,"href":"https:\/\/mediendesign-moser.at\/shop\/index.php?rest_route=%2Fwp%2Fv2%2Fcomments&post=15568"}],"wp:featuredmedia":[{"embeddable":true,"href":"https:\/\/mediendesign-moser.at\/shop\/index.php?rest_route=\/wp\/v2\/media\/15557"}],"wp:attachment":[{"href":"https:\/\/mediendesign-moser.at\/shop\/index.php?rest_route=%2Fwp%2Fv2%2Fmedia&parent=15568"}],"wp:term":[{"taxonomy":"product_cat","embeddable":true,"href":"https:\/\/mediendesign-moser.at\/shop\/index.php?rest_route=%2Fwp%2Fv2%2Fproduct_cat&post=15568"},{"taxonomy":"product_tag","embeddable":true,"href":"https:\/\/mediendesign-moser.at\/shop\/index.php?rest_route=%2Fwp%2Fv2%2Fproduct_tag&post=15568"}],"curies":[{"name":"wp","href":"https:\/\/api.w.org\/{rel}","templated":true}]}}