{"id":14212,"date":"2022-01-31T09:45:37","date_gmt":"2022-01-31T08:45:37","guid":{"rendered":"https:\/\/mediendesign-moser.at\/shop\/?post_type=product&#038;p=14212"},"modified":"2022-04-25T11:59:39","modified_gmt":"2022-04-25T09:59:39","slug":"download-schneide-datei-bastelbogen-windmuehle","status":"publish","type":"product","link":"https:\/\/mediendesign-moser.at\/shop\/?product=download-schneide-datei-bastelbogen-windmuehle","title":{"rendered":"Download: Schneide Datei \/ Bastelbogen Windm\u00fchle"},"content":{"rendered":"","protected":false},"excerpt":{"rendered":"<p>Schneide Datei (.svg, .dxf) f\u00fcr den Zuschnitt einer holl\u00e4ndischen Windm\u00fchle.<br \/>\nGr\u00f6\u00dfe der fertigen M\u00fchle: ca. 4,5 cm L\u00e4nge x 6,7 cm Breite x 9,3 cm H\u00f6he.<\/p>\n<p>Mit diesem Download k\u00f6nnen die Papierteile f\u00fcr die Windm\u00fchle (Fotos) geschnitten werden.<\/p>\n<p>Die Windm\u00fchle passt ideal in eine Explosionsbox mit ca. 10 cm Seitenkantenl\u00e4nge hinein.<\/p>\n<p>Im Download sind enthalten:<\/p>\n<ul>\n<li>SVG-Dateien f\u00fcr die Verwendung mit folgenden Schneideger\u00e4ten:<br \/>\nCricut, Brother ScanNCut, oder Silhouette-Ger\u00e4te<\/li>\n<li>DXF-Dateien<\/li>\n<li>Bastelbogen zum Ausdrucken f\u00fcr manuellen Zuschnitt.<\/li>\n<\/ul>\n<p>Dieses Projekt wurde mit folgenden Schneideger\u00e4ten getestet:<br \/>\nSilhouette Cameo, Cricut Maker, Brother ScanNCut.<br \/>\nInfos und Anleitungen zur Verwendung mit den jeweiligen Ger\u00e4ten <a href=\"https:\/\/mediendesign-moser.at\/shop\/?page_id=6409\" target=\"_blank\" rel=\"noopener\">finden Sie hier<\/a>.<\/p>\n<p>Beachten Sie unsere \u00a0<a href=\"https:\/\/mediendesign-moser.at\/shop\/?page_id=758\" target=\"_blank\" rel=\"noopener\">Lizenzbedingungen<\/a>\u00a0f\u00fcr downloadbare Produkte.<\/p>\n<p><a href=\"https:\/\/mediendesign-moser.at\/shop\/wp-content\/uploads\/2022\/01\/DL-SPG060-windmill.jpg\"><img loading=\"lazy\" decoding=\"async\" class=\"alignnone wp-image-14213 size-full\" src=\"https:\/\/mediendesign-moser.at\/shop\/wp-content\/uploads\/2022\/01\/DL-SPG060-windmill.jpg\" alt=\"\" width=\"620\" height=\"2204\" srcset=\"https:\/\/mediendesign-moser.at\/shop\/wp-content\/uploads\/2022\/01\/DL-SPG060-windmill.jpg 620w, https:\/\/mediendesign-moser.at\/shop\/wp-content\/uploads\/2022\/01\/DL-SPG060-windmill-84x300.jpg 84w, https:\/\/mediendesign-moser.at\/shop\/wp-content\/uploads\/2022\/01\/DL-SPG060-windmill-288x1024.jpg 288w, https:\/\/mediendesign-moser.at\/shop\/wp-content\/uploads\/2022\/01\/DL-SPG060-windmill-600x2133.jpg 600w\" sizes=\"auto, (max-width: 620px) 100vw, 620px\" \/><\/a><\/p>\n<p>&nbsp;<\/p>\n","protected":false},"featured_media":14226,"comment_status":"closed","ping_status":"closed","template":"","meta":{"om_disable_all_campaigns":false,"_monsterinsights_skip_tracking":false,"_monsterinsights_sitenote_active":false,"_monsterinsights_sitenote_note":"","_monsterinsights_sitenote_category":0},"product_cat":[1124,513,796,792,263],"product_tag":[1055,38,2000,1120,995,409,1999,1997,410,1644,518,541,504,142,517,1998,1518],"class_list":{"0":"post-14212","1":"product","2":"type-product","3":"status-publish","4":"has-post-thumbnail","6":"product_cat-bastelboegen","7":"product_cat-schneidplotter-svg-und-pdf","8":"product_cat-gebaeude-schneidplotter-svg-und-pdf","9":"product_cat-sehenswuerdigkeiten","10":"product_cat-downloadprodukte","11":"product_tag-cricut","12":"product_tag-download","13":"product_tag-dutch","14":"product_tag-dxf","15":"product_tag-gebaeude","16":"product_tag-holland","17":"product_tag-mill","18":"product_tag-muehle","19":"product_tag-niederlande","20":"product_tag-pazzles","21":"product_tag-pdf","22":"product_tag-scanncut","23":"product_tag-schneidplotter","24":"product_tag-schneidplotter-datei","25":"product_tag-svg","26":"product_tag-windmill","27":"product_tag-windmuehle","29":"first","30":"instock","31":"downloadable","32":"virtual","33":"purchasable","34":"product-type-simple"},"aioseo_notices":[],"jetpack_sharing_enabled":true,"_links":{"self":[{"href":"https:\/\/mediendesign-moser.at\/shop\/index.php?rest_route=\/wp\/v2\/product\/14212","targetHints":{"allow":["GET"]}}],"collection":[{"href":"https:\/\/mediendesign-moser.at\/shop\/index.php?rest_route=\/wp\/v2\/product"}],"about":[{"href":"https:\/\/mediendesign-moser.at\/shop\/index.php?rest_route=\/wp\/v2\/types\/product"}],"replies":[{"embeddable":true,"href":"https:\/\/mediendesign-moser.at\/shop\/index.php?rest_route=%2Fwp%2Fv2%2Fcomments&post=14212"}],"wp:featuredmedia":[{"embeddable":true,"href":"https:\/\/mediendesign-moser.at\/shop\/index.php?rest_route=\/wp\/v2\/media\/14226"}],"wp:attachment":[{"href":"https:\/\/mediendesign-moser.at\/shop\/index.php?rest_route=%2Fwp%2Fv2%2Fmedia&parent=14212"}],"wp:term":[{"taxonomy":"product_cat","embeddable":true,"href":"https:\/\/mediendesign-moser.at\/shop\/index.php?rest_route=%2Fwp%2Fv2%2Fproduct_cat&post=14212"},{"taxonomy":"product_tag","embeddable":true,"href":"https:\/\/mediendesign-moser.at\/shop\/index.php?rest_route=%2Fwp%2Fv2%2Fproduct_tag&post=14212"}],"curies":[{"name":"wp","href":"https:\/\/api.w.org\/{rel}","templated":true}]}}