{"id":758,"date":"2017-08-04T16:27:13","date_gmt":"2017-08-04T14:27:13","guid":{"rendered":"http:\/\/mediendesign-moser.at\/shop\/?page_id=758"},"modified":"2021-04-30T11:55:45","modified_gmt":"2021-04-30T09:55:45","slug":"lizenzbedingungen-fuer-unsere-downloadprodukte","status":"publish","type":"page","link":"https:\/\/mediendesign-moser.at\/shop\/?page_id=758","title":{"rendered":"Lizenzbedingungen f\u00fcr unsere Downloadprodukte"},"content":{"rendered":"<p>Lieber Kunde von Mediendesign Moser!<\/p>\n<p>Folgender Textinhalt stellt eine rechtliche Vereinbarung zwischen Ihnen und Mediendesign Moser (Brigitte Baier-Moser) dar. Bitte lesen Sie diesen Text, bevor Sie downloadbare Dateien in unserem Online-Shop erwerben.<\/p>\n<p>Wenn Sie Downloads (z.B. Musik, Fotos, Grafiken, Schneidplotterdateien, Digitalpapier) in unserem Online-Shop erwerben, dann erwerben Sie diese Lizenz f\u00fcr <b>EINE<\/b> Person und es gelten dabei die nachfolgenden Regelungen:<\/p>\n<p>Mediendesign Moser beh\u00e4lt sich vor, bei Bedarf diese Vereinbarung jederzeit zu \u00e4ndern. Ihre Rechte und Pfllichten sind in jener Vereinbarung geregelt, die zum Zeitpunkt des Kaufes ihre G\u00fcltigkeit hat.<\/p>\n<p>S\u00e4mtliche Downloaddateien sind durch nationale und internationale Urheberrechtsgesetze gesch\u00fctzt. Mediendesign Moser bietet im Online-Shop ausschlie\u00dflich selbst hergestellte Werke an (also z.B. Eigenkompositionen, Eigenproduktionen, selbst entworfene Grafiken oder Schneidplotterdateien etc.). Alle Rechte, ausgenommen die in dieser Lizenzvereinbarung gew\u00e4hrten Nutzungsrechte f\u00fcr das jeweilige Werk, verbleiben bei Mediendesign Moser.<\/p>\n<p><b>Lizenzen:<\/b> Mit dieser rechtlichen Vereinbarung gew\u00e4hrt Ihnen Mediendesign Moser das nichtexklusive und nicht\u00fcbertragbare Recht, die im Online-Shop erh\u00e4ltlichen downloadbaren Werke (Musik, Grafiken, Fotos, Digitalpapiere, Schneidplotterdateien\u2026) folgenderma\u00dfen zu verwenden, wobei die sp\u00e4ter beschriebenen Einschr\u00e4nkungen gelten:<\/p>\n<ol>\n<li>Musiklizenz: Durch den Kauf einer Musiklizenz in unserem Online-Shop erwerben Sie das nichtexklusive und nicht\u00fcbertragbare Recht, die entsprechende Musik in Ihrer Produktion (z.B. Videoproduktion, Fotoanimation, Werbespot) zu verwenden. Die Ver\u00f6ffentlichung einer solchen Produktion (also z.B. Hochladen nach YouTube, Verwendung auf Ihrer Webseite, Verwendung in Facebook, Fernsehausstrahlung, usw.) ist dabei ausdr\u00fccklich erlaubt.<\/li>\n<li>Bildlizenz: Diese Lizenz gilt beim Kauf von Fotos, Grafiken oder Digitalpapier. Durch den Kauf einer Bildlizenz in unserem Online-Shop erwerben Sie das nichtexklusive und nicht\u00fcbertragbare Recht, das entsprechende Bild in Ihren digitalen oder nicht-digitalen Projekten (z.B. Webseite, Onlinewerbung, Visitenkarten, Flyer, Plakaten, Verwendung beim Videoschnitt, Herstellung von Papierprodukten, usw.) zu verwenden. Die Ver\u00f6ffentlichung des fertigen Werkes ist ausdr\u00fccklich erlaubt.<\/li>\n<li>Lizenz f\u00fcr Schneidplotterdatei: Durch den Kauf einer Lizenz f\u00fcr eine Schneide Datei in unserem Online-Shop erwerben Sie das nichtexklusive und nicht\u00fcbertragbare Recht, die entsprechende Datei f\u00fcr die Herstellung<br \/>\nentsprechender handgemachter Papiergegenst\u00e4nde anzuwenden. Die dabei handangefertigten physischen Papiergegenst\u00e4nde d\u00fcrfen sowohl f\u00fcr den Eigengebrauch als auch f\u00fcr den Verkauf kleiner Mengen (bis zu 400 Stk.) an Ihre Kunden verwendet werden.<\/li>\n<\/ol>\n<p><b>Einschr\u00e4nkungen: <\/b>Folgendes ist trotz einer erworbenen Lizenz <b>NICHT<\/b> erlaubt:<\/p>\n<ol>\n<li><b>Untersagt ist <\/b>das Weiterverkaufen, Weitergeben, Verschenken, Unterlizenzieren, Vermieten oder \u00dcbertragen der downloadbaren Datei an Dritte, da jede erworbene Lizenz an EINE Person gebunden ist. Das bedeutet, Sie erwerben die Lizenz entweder f\u00fcr sich ODER Sie erwerben die Lizenz f\u00fcr EINEN Ihrer Kunden. Wenn Sie ein Musikst\u00fcck oder ein Bild f\u00fcr mehrere Kunden ben\u00f6tigen, dann muss JEWEILS EINE Lizenz PRO KUNDE erworben werden.<br \/>\nSpeziell bei Schneidplotterdateien gilt Folgendes:\u00a0<b>Untersagt ist <\/b>das Weiterverkaufen, Weitergeben, Verschenken, Unterlizenzieren, Vermieten oder \u00dcbertragen der downloadbaren Datei an Dritte. Erlaubt hingegen ist das Anfertigen beliebig vieler physischer Papiergegenst\u00e4nde, die sowohl f\u00fcr den Eigenbedarf als auch f\u00fcr den Verkauf an Kunden verwendet werden d\u00fcrfen.<\/li>\n<li><b>Untersagt ist <\/b>die Verwendung eines unserer Downloads zusammen mit Material, das als pornografisch, diffamierend, beleidigend, unmoralisch oder illegal einzustufen ist.<\/li>\n<li><b>Untersagt ist <\/b>die Verwendung eines Musikst\u00fcckes in Form einer reinen Aufzeichnung,\u00a0 oder als Audioproduktion ohne sonstigen Inhalt. Das bedeutet, das jeweilige Musikst\u00fcck muss immer entweder mit Sprache, mit Bildaufnahmen und\/oder mit Videoaufnahmen zusammengef\u00fchrt werden.<\/li>\n<li><span style=\"color: #ff0000;\"><strong>Untersagt ist<\/strong> die Verwendung unserer Schneidedateien, Bildlizenzen und Digitalpapiere f\u00fcr industrielle Herstellung von Gro\u00dfauflagen.<\/span><br \/>\nWir bieten unsere Downloadprodukte ausschlie\u00dflich f\u00fcr Privatpersonen und Kleinstfirmen an, die ihre Werke h\u00e4ndisch (d.h. ohne industrielle Anfertigung) herstellen.<\/li>\n<\/ol>\n<p><b>Gesetze:<\/b> Mediendesign Moser bietet im Online-Shop ausschlie\u00dflich selbst hergestellte Werke an (also z.B. Eigenkompositionen, Eigenproduktionen), au\u00dferdem sind die K\u00fcnstler von Mediendesign-Moser (Heinz Moser, Julian Moser) KEIN Mitglied bei einer Musikverwertungsgesellschaft. Sollten aber dennoch durch gesetzliche Rahmenbedingungen irgendwelche Lizenzen f\u00fcr \u00f6ffentliche Vorf\u00fchrung entstehen, so sind solche Lizenzen auf eigene Kosten zu erwerben.<\/p>\n<p>Mediendesign Moser sowie deren Inhaber und Mitarbeiter haften nicht f\u00fcr irgendwelche Sch\u00e4den, die mit der Nutzung oder Nichtverf\u00fcgbarkeit der lizenzierten Werke (Musik, Bild oder Schneidplotterdateien) in Zusammenhang stehen. Das betrifft sowohl unmittelbare oder indirekte Sch\u00e4den als auch Folge- oder Nebensch\u00e4den.<\/p>\n<p>Diese Vereinbarung unterliegt \u00f6sterreichischen Gesetzen und ist entsprechend der \u00f6sterreichischen Gesetzgebung auszulegen. Das \u00dcbereinkommen der Vereinten Nationen \u00fcber Vertr\u00e4ge \u00fcber den internationalen Warenkauf gilt nicht f\u00fcr diese Regelung und ist daher nicht anzuwenden. Sie unterwerfen sich hiermit der Gerichtsbarkeit des Staates \u00d6sterreich. Als Gerichtsstand f\u00fcr Streitigkeiten, die sich aus dieser Vereinbarung ergeben, gilt Wels.<\/p>\n<p>Sofern Teile oder einzelne Formulierungen des Textes dieser Vereinbarung der geltenden Rechtslage nicht, nicht mehr oder nicht vollst\u00e4ndig entsprechen sollten, bleiben die \u00fcbrigen Teile des Dokumentes in ihrem Inhalt und ihrer G\u00fcltigkeit davon unber\u00fchrt.<\/p>\n","protected":false},"excerpt":{"rendered":"<p>Lieber Kunde von Mediendesign Moser! Folgender Textinhalt stellt eine rechtliche Vereinbarung zwischen Ihnen und Mediendesign Moser (Brigitte Baier-Moser) dar. Bitte lesen Sie diesen Text, bevor Sie downloadbare Dateien in unserem Online-Shop erwerben. Wenn Sie Downloads (z.B. Musik, Fotos, Grafiken, Schneidplotterdateien, Digitalpapier) in unserem Online-Shop erwerben, dann erwerben Sie diese Lizenz f\u00fcr EINE Person und es [&hellip;]<\/p>\n","protected":false},"author":1,"featured_media":0,"parent":0,"menu_order":0,"comment_status":"closed","ping_status":"closed","template":"","meta":{"om_disable_all_campaigns":false,"_monsterinsights_skip_tracking":false,"_monsterinsights_sitenote_active":false,"_monsterinsights_sitenote_note":"","_monsterinsights_sitenote_category":0,"footnotes":""},"class_list":["post-758","page","type-page","status-publish","hentry"],"aioseo_notices":[],"jetpack_sharing_enabled":true,"_links":{"self":[{"href":"https:\/\/mediendesign-moser.at\/shop\/index.php?rest_route=\/wp\/v2\/pages\/758","targetHints":{"allow":["GET"]}}],"collection":[{"href":"https:\/\/mediendesign-moser.at\/shop\/index.php?rest_route=\/wp\/v2\/pages"}],"about":[{"href":"https:\/\/mediendesign-moser.at\/shop\/index.php?rest_route=\/wp\/v2\/types\/page"}],"author":[{"embeddable":true,"href":"https:\/\/mediendesign-moser.at\/shop\/index.php?rest_route=\/wp\/v2\/users\/1"}],"replies":[{"embeddable":true,"href":"https:\/\/mediendesign-moser.at\/shop\/index.php?rest_route=%2Fwp%2Fv2%2Fcomments&post=758"}],"version-history":[{"count":18,"href":"https:\/\/mediendesign-moser.at\/shop\/index.php?rest_route=\/wp\/v2\/pages\/758\/revisions"}],"predecessor-version":[{"id":10286,"href":"https:\/\/mediendesign-moser.at\/shop\/index.php?rest_route=\/wp\/v2\/pages\/758\/revisions\/10286"}],"wp:attachment":[{"href":"https:\/\/mediendesign-moser.at\/shop\/index.php?rest_route=%2Fwp%2Fv2%2Fmedia&parent=758"}],"curies":[{"name":"wp","href":"https:\/\/api.w.org\/{rel}","templated":true}]}}